{"id":1249,"date":"2023-12-15T11:05:33","date_gmt":"2023-12-15T10:05:33","guid":{"rendered":"https:\/\/omconcerts.be\/?post_type=concert&#038;p=1249"},"modified":"2023-12-15T11:05:33","modified_gmt":"2023-12-15T10:05:33","slug":"foire-aux-vinyles-2","status":"publish","type":"concert","link":"https:\/\/omconcerts.be\/en\/concert\/foire-aux-vinyles-2\/","title":{"rendered":"Foire aux vinyles"},"excerpt":{"rendered":"","protected":false},"template":"","meta":{"_acf_changed":false,"_crsspst_to_reflektorbe":true},"categories":[6],"tags":[],"class_list":["post-1249","concert","type-concert","status-publish","hentry","category-reflektor"],"acf":{"image_apercu":"1250","image_a_la_une":"1251","date":"20240204","date_month":"fevrier","url_du_ticket":"","ticket_2":"","etat_des_tickets":"gratuit","prix":"","heure_ouvertures_de_portes":"10:00:00","heure_de_fin":"","contenu_concert":"Que vous soyez amateur de bonne musique, collectionneur acharn\u00e9, m\u00e9lomane, digger ou simple curieux, la Foire aux Vinyles du Reflektor vous accueille une nouvelle fois le dimanche 4 f\u00e9vrier de 10h \u00e0 16h !\r\n\r\nL'occasion de compl\u00e9ter votre biblioth\u00e8que avec des pi\u00e8ces rares, ou simplement de vous replonger dans la musique de votre enfance avec des dizaines de milliers d'objets, en 33 et 45 tours.\r\nVenez red\u00e9couvrir le vinyle, sous toutes ses formes, lors de ce 4\u00e8me salon du disque \u00e0 prix d\u00e9mocratique !","artiste":null,"lien_ticket_wait":""},"yoast_head":"<!-- This site is optimized with the Yoast SEO plugin v27.5 - https:\/\/yoast.com\/product\/yoast-seo-wordpress\/ -->\n<title><\/title>\n<meta name=\"robots\" content=\"index, follow, max-snippet:-1, max-image-preview:large, max-video-preview:-1\" \/>\n<link rel=\"canonical\" href=\"https:\/\/omconcerts.be\/concert\/foire-aux-vinyles-2\/\" \/>\n<meta property=\"og:locale\" content=\"en_US\" \/>\n<meta property=\"og:type\" content=\"article\" \/>\n<meta property=\"og:title\" content=\"[:fr]Foire aux vinyles[:] &#8226; OM concerts\" \/>\n<meta property=\"og:url\" content=\"https:\/\/omconcerts.be\/concert\/foire-aux-vinyles-2\/\" \/>\n<meta property=\"og:site_name\" content=\"OM concerts\" \/>\n<meta property=\"article:publisher\" content=\"https:\/\/www.facebook.com\/omconcerts.be\/\" \/>\n<meta property=\"og:image\" content=\"https:\/\/omconcerts.be\/wp-content\/uploads\/2023\/03\/partageOM.jpg\" \/>\n\t<meta property=\"og:image:width\" content=\"1200\" \/>\n\t<meta property=\"og:image:height\" content=\"630\" \/>\n\t<meta property=\"og:image:type\" content=\"image\/jpeg\" \/>\n<meta name=\"twitter:card\" content=\"summary_large_image\" \/>\n<!-- \/ Yoast SEO plugin. -->","yoast_head_json":{"title":"[:fr]Foire aux vinyles[:] &#8226; OM concerts","robots":{"index":"index","follow":"follow","max-snippet":"max-snippet:-1","max-image-preview":"max-image-preview:large","max-video-preview":"max-video-preview:-1"},"canonical":"https:\/\/omconcerts.be\/concert\/foire-aux-vinyles-2\/","og_locale":"en_US","og_type":"article","og_title":"[:fr]Foire aux vinyles[:] &#8226; OM concerts","og_url":"https:\/\/omconcerts.be\/concert\/foire-aux-vinyles-2\/","og_site_name":"OM concerts","article_publisher":"https:\/\/www.facebook.com\/omconcerts.be\/","og_image":[{"width":1200,"height":630,"url":"https:\/\/omconcerts.be\/wp-content\/uploads\/2023\/03\/partageOM.jpg","type":"image\/jpeg"}],"twitter_card":"summary_large_image","schema":{"@context":"https:\/\/schema.org","@graph":[{"@type":"WebPage","@id":"https:\/\/omconcerts.be\/concert\/foire-aux-vinyles-2\/","url":"https:\/\/omconcerts.be\/concert\/foire-aux-vinyles-2\/","name":"[:fr]Foire aux vinyles[:] &#8226; OM concerts","isPartOf":{"@id":"https:\/\/omconcerts.be\/#website"},"datePublished":"2023-12-15T10:05:33+00:00","breadcrumb":{"@id":"https:\/\/omconcerts.be\/concert\/foire-aux-vinyles-2\/#breadcrumb"},"inLanguage":"en-US","potentialAction":[{"@type":"ReadAction","target":["https:\/\/omconcerts.be\/concert\/foire-aux-vinyles-2\/"]}]},{"@type":"BreadcrumbList","@id":"https:\/\/omconcerts.be\/concert\/foire-aux-vinyles-2\/#breadcrumb","itemListElement":[{"@type":"ListItem","position":1,"name":"Accueil","item":"https:\/\/omconcerts.be\/"},{"@type":"ListItem","position":2,"name":"Concerts","item":"https:\/\/omconcerts.be\/agenda\/"},{"@type":"ListItem","position":3,"name":"Foire aux vinyles"}]},{"@type":"WebSite","@id":"https:\/\/omconcerts.be\/#website","url":"https:\/\/omconcerts.be\/","name":"OM concerts","description":"","publisher":{"@id":"https:\/\/omconcerts.be\/#organization"},"alternateName":"OM","potentialAction":[{"@type":"SearchAction","target":{"@type":"EntryPoint","urlTemplate":"https:\/\/omconcerts.be\/?s={search_term_string}"},"query-input":{"@type":"PropertyValueSpecification","valueRequired":true,"valueName":"search_term_string"}}],"inLanguage":"en-US"},{"@type":"Organization","@id":"https:\/\/omconcerts.be\/#organization","name":"OM concerts","alternateName":"OM","url":"https:\/\/omconcerts.be\/","logo":{"@type":"ImageObject","inLanguage":"en-US","@id":"https:\/\/omconcerts.be\/#\/schema\/logo\/image\/","url":"https:\/\/omconcerts.be\/wp-content\/uploads\/2023\/02\/cropped-OM_LOGO.png","contentUrl":"https:\/\/omconcerts.be\/wp-content\/uploads\/2023\/02\/cropped-OM_LOGO.png","width":512,"height":512,"caption":"OM concerts"},"image":{"@id":"https:\/\/omconcerts.be\/#\/schema\/logo\/image\/"},"sameAs":["https:\/\/www.facebook.com\/omconcerts.be\/"]}]}},"_links":{"self":[{"href":"https:\/\/omconcerts.be\/en\/wp-json\/wp\/v2\/concert\/1249","targetHints":{"allow":["GET"]}}],"collection":[{"href":"https:\/\/omconcerts.be\/en\/wp-json\/wp\/v2\/concert"}],"about":[{"href":"https:\/\/omconcerts.be\/en\/wp-json\/wp\/v2\/types\/concert"}],"wp:attachment":[{"href":"https:\/\/omconcerts.be\/en\/wp-json\/wp\/v2\/media?parent=1249"}],"wp:term":[{"taxonomy":"category","embeddable":true,"href":"https:\/\/omconcerts.be\/en\/wp-json\/wp\/v2\/categories?post=1249"},{"taxonomy":"post_tag","embeddable":true,"href":"https:\/\/omconcerts.be\/en\/wp-json\/wp\/v2\/tags?post=1249"}],"curies":[{"name":"wp","href":"https:\/\/api.w.org\/{rel}","templated":true}]}}

Que vous soyez amateur de bonne musique, collectionneur acharné, mélomane, digger ou simple curieux, la Foire aux Vinyles du Reflektor vous accueille une nouvelle fois le dimanche 4 février de 10h à 16h !

L'occasion de compléter votre bibliothèque avec des pièces rares, ou simplement de vous replonger dans la musique de votre enfance avec des dizaines de milliers d'objets, en 33 et 45 tours.
Venez redécouvrir le vinyle, sous toutes ses formes, lors de ce 4ème salon du disque à prix démocratique !
