{"id":1329,"date":"2024-02-13T10:58:16","date_gmt":"2024-02-13T09:58:16","guid":{"rendered":"https:\/\/omconcerts.be\/?post_type=concert&#038;p=1329"},"modified":"2024-05-08T16:51:54","modified_gmt":"2024-05-08T14:51:54","slug":"mosimann","status":"publish","type":"concert","link":"https:\/\/omconcerts.be\/en\/concert\/mosimann\/","title":{"rendered":"MOSIMANN"},"excerpt":{"rendered":"","protected":false},"template":"","meta":{"_acf_changed":false,"_crsspst_to_reflektorbe":true},"categories":[6],"tags":[],"class_list":["post-1329","concert","type-concert","status-publish","hentry","category-reflektor"],"acf":{"image_apercu":"1331","image_a_la_une":"1332","date":"20240511","date_month":"mai","url_du_ticket":"https:\/\/shop.paylogic.com\/0df932752bb84631a132c73afdf424db","ticket_2":"","etat_des_tickets":"sold_out","prix":"","heure_ouvertures_de_portes":"","heure_de_fin":"","contenu_concert":"TICKETS DISPONIBLES LE 14 F\u00c9VRIER \u00c0 11H","artiste":[{"nom":"MOSIMANN","horaire":"","contenu":"\"<strong>VOULEZ-VOUS<\/strong>\", c'est tout ce que vous voulez.\r\n\r\nLa soir\u00e9e \"Voulez-Vous\" s'inscrit dans une modernit\u00e9 multiculturelle 2024 by Mosimann : le DJ-producer invite, questionne et sollicite, dans un esprit festif positif et bienveillant, \u00e0 faire partie de la f\u00eate. Avide d'une \u00e9quit\u00e9 accessible au plus grand nombre, ambitieux de d\u00e9mocratiser l'underground, Mosimann souhaite r\u00e9unir autour d'une prestation Tech-House\/House soign\u00e9e, carr\u00e9e, o\u00f9 la musique est au centre de tout. Avec m\u00eame quelques surprises... Alors pour la premi\u00e8re, voulez-vous Li\u00e8ge ?","photo":"","instagram":"https:\/\/www.instagram.com\/mosimannofficial\/","facebook":"","tiktok":"","youtube":"","spotify":"","deezer":"","site_web":""},{"nom":"GRAND BLEU","horaire":"","contenu":"","photo":"","instagram":"","facebook":"","tiktok":"","youtube":"","spotify":"","deezer":"","site_web":""}],"lien_ticket_wait":""},"yoast_head":"<!-- This site is optimized with the Yoast SEO plugin v27.5 - https:\/\/yoast.com\/product\/yoast-seo-wordpress\/ -->\n<title><\/title>\n<meta name=\"robots\" content=\"index, follow, max-snippet:-1, max-image-preview:large, max-video-preview:-1\" \/>\n<link rel=\"canonical\" href=\"https:\/\/omconcerts.be\/concert\/mosimann\/\" \/>\n<meta property=\"og:locale\" content=\"en_US\" \/>\n<meta property=\"og:type\" content=\"article\" \/>\n<meta property=\"og:title\" content=\"[:fr]MOSIMANN[:] &#8226; OM concerts\" \/>\n<meta property=\"og:url\" content=\"https:\/\/omconcerts.be\/concert\/mosimann\/\" \/>\n<meta property=\"og:site_name\" content=\"OM concerts\" \/>\n<meta property=\"article:publisher\" content=\"https:\/\/www.facebook.com\/omconcerts.be\/\" \/>\n<meta property=\"article:modified_time\" content=\"2024-05-08T14:51:54+00:00\" \/>\n<meta property=\"og:image\" content=\"https:\/\/omconcerts.be\/wp-content\/uploads\/2023\/03\/partageOM.jpg\" \/>\n\t<meta property=\"og:image:width\" content=\"1200\" \/>\n\t<meta property=\"og:image:height\" content=\"630\" \/>\n\t<meta property=\"og:image:type\" content=\"image\/jpeg\" \/>\n<meta name=\"twitter:card\" content=\"summary_large_image\" \/>\n<!-- \/ Yoast SEO plugin. -->","yoast_head_json":{"title":"[:fr]MOSIMANN[:] &#8226; OM concerts","robots":{"index":"index","follow":"follow","max-snippet":"max-snippet:-1","max-image-preview":"max-image-preview:large","max-video-preview":"max-video-preview:-1"},"canonical":"https:\/\/omconcerts.be\/concert\/mosimann\/","og_locale":"en_US","og_type":"article","og_title":"[:fr]MOSIMANN[:] &#8226; OM concerts","og_url":"https:\/\/omconcerts.be\/concert\/mosimann\/","og_site_name":"OM concerts","article_publisher":"https:\/\/www.facebook.com\/omconcerts.be\/","article_modified_time":"2024-05-08T14:51:54+00:00","og_image":[{"width":1200,"height":630,"url":"https:\/\/omconcerts.be\/wp-content\/uploads\/2023\/03\/partageOM.jpg","type":"image\/jpeg"}],"twitter_card":"summary_large_image","schema":{"@context":"https:\/\/schema.org","@graph":[{"@type":"WebPage","@id":"https:\/\/omconcerts.be\/concert\/mosimann\/","url":"https:\/\/omconcerts.be\/concert\/mosimann\/","name":"[:fr]MOSIMANN[:] &#8226; OM concerts","isPartOf":{"@id":"https:\/\/omconcerts.be\/#website"},"datePublished":"2024-02-13T09:58:16+00:00","dateModified":"2024-05-08T14:51:54+00:00","breadcrumb":{"@id":"https:\/\/omconcerts.be\/concert\/mosimann\/#breadcrumb"},"inLanguage":"en-US","potentialAction":[{"@type":"ReadAction","target":["https:\/\/omconcerts.be\/concert\/mosimann\/"]}]},{"@type":"BreadcrumbList","@id":"https:\/\/omconcerts.be\/concert\/mosimann\/#breadcrumb","itemListElement":[{"@type":"ListItem","position":1,"name":"Accueil","item":"https:\/\/omconcerts.be\/"},{"@type":"ListItem","position":2,"name":"Concerts","item":"https:\/\/omconcerts.be\/agenda\/"},{"@type":"ListItem","position":3,"name":"MOSIMANN"}]},{"@type":"WebSite","@id":"https:\/\/omconcerts.be\/#website","url":"https:\/\/omconcerts.be\/","name":"OM concerts","description":"","publisher":{"@id":"https:\/\/omconcerts.be\/#organization"},"alternateName":"OM","potentialAction":[{"@type":"SearchAction","target":{"@type":"EntryPoint","urlTemplate":"https:\/\/omconcerts.be\/?s={search_term_string}"},"query-input":{"@type":"PropertyValueSpecification","valueRequired":true,"valueName":"search_term_string"}}],"inLanguage":"en-US"},{"@type":"Organization","@id":"https:\/\/omconcerts.be\/#organization","name":"OM concerts","alternateName":"OM","url":"https:\/\/omconcerts.be\/","logo":{"@type":"ImageObject","inLanguage":"en-US","@id":"https:\/\/omconcerts.be\/#\/schema\/logo\/image\/","url":"https:\/\/omconcerts.be\/wp-content\/uploads\/2023\/02\/cropped-OM_LOGO.png","contentUrl":"https:\/\/omconcerts.be\/wp-content\/uploads\/2023\/02\/cropped-OM_LOGO.png","width":512,"height":512,"caption":"OM concerts"},"image":{"@id":"https:\/\/omconcerts.be\/#\/schema\/logo\/image\/"},"sameAs":["https:\/\/www.facebook.com\/omconcerts.be\/"]}]}},"_links":{"self":[{"href":"https:\/\/omconcerts.be\/en\/wp-json\/wp\/v2\/concert\/1329","targetHints":{"allow":["GET"]}}],"collection":[{"href":"https:\/\/omconcerts.be\/en\/wp-json\/wp\/v2\/concert"}],"about":[{"href":"https:\/\/omconcerts.be\/en\/wp-json\/wp\/v2\/types\/concert"}],"wp:attachment":[{"href":"https:\/\/omconcerts.be\/en\/wp-json\/wp\/v2\/media?parent=1329"}],"wp:term":[{"taxonomy":"category","embeddable":true,"href":"https:\/\/omconcerts.be\/en\/wp-json\/wp\/v2\/categories?post=1329"},{"taxonomy":"post_tag","embeddable":true,"href":"https:\/\/omconcerts.be\/en\/wp-json\/wp\/v2\/tags?post=1329"}],"curies":[{"name":"wp","href":"https:\/\/api.w.org\/{rel}","templated":true}]}}

TICKETS DISPONIBLES LE 14 FÉVRIER À 11H

"<strong>VOULEZ-VOUS</strong>", c'est tout ce que vous voulez.

La soirée "Voulez-Vous" s'inscrit dans une modernité multiculturelle 2024 by Mosimann : le DJ-producer invite, questionne et sollicite, dans un esprit festif positif et bienveillant, à faire partie de la fête. Avide d'une équité accessible au plus grand nombre, ambitieux de démocratiser l'underground, Mosimann souhaite réunir autour d'une prestation Tech-House/House soignée, carrée, où la musique est au centre de tout. Avec même quelques surprises... Alors pour la première, voulez-vous Liège ?
