{"id":3009,"date":"2025-12-16T14:00:07","date_gmt":"2025-12-16T13:00:07","guid":{"rendered":"https:\/\/omconcerts.be\/?post_type=concert&#038;p=3009"},"modified":"2026-04-15T14:05:43","modified_gmt":"2026-04-15T12:05:43","slug":"puggy-2","status":"publish","type":"concert","link":"https:\/\/omconcerts.be\/en\/concert\/puggy-2\/","title":{"rendered":"Puggy + Pia"},"excerpt":{"rendered":"","protected":false},"template":"","meta":{"_acf_changed":false,"_crsspst_to_reflektorbe":true},"categories":[5],"tags":[],"class_list":["post-3009","concert","type-concert","status-publish","hentry","category-om"],"acf":{"image_apercu":"3010","image_a_la_une":"3011","date":"20260521","date_month":"mai","url_du_ticket":"https:\/\/shop.paylogic.com\/0d094ca6caae4d659a3d6f5a6c1231b4\/offsale","ticket_2":"https:\/\/shop.paylogic.com\/b5f3da6898b14db393cd03bd0db9595b","etat_des_tickets":"sold_out","prix":"","heure_ouvertures_de_portes":"","heure_de_fin":"","contenu_concert":"SOLD-OUT! <a href=\"https:\/\/shop.paylogic.com\/b5f3da6898b14db393cd03bd0db9595b\">Rejoignez notre liste d'attente ici.<\/a>","artiste":[{"nom":"Puggy","horaire":"","contenu":"\"Are We There Yet ?\", cinqui\u00e8me album, constitue, \u00e0 l\u2019\u00e9vidence, une \u00e9tape d\u00e9terminante dans la carri\u00e8re de Puggy. Collectif de producteurs tout-terrain, musiciens polyvalents, Matthew, Romain et Ziggy ont, au fil du temps, nou\u00e9 une relation unique avec ses fans. Cette connexion privil\u00e9gi\u00e9e se manifeste non seulement en streaming, mais aussi sur les ondes. Sollicit\u00e9 par les radios et le public, le hit \"On My Mind\" caracole ainsi, depuis plusieurs mois, sur les hauteurs de l\u2019airplay en Belgique. Prolong\u00e9 avec l\u2019irr\u00e9sistible \"Mirror\", single co-\u00e9crit aux c\u00f4t\u00e9s d\u2019Yseult et chant\u00e9 en compagnie de Ma\u00eblle, l\u2019itin\u00e9raire trac\u00e9 par \"Are We There Yet?\" est pass\u00e9 cet automne 25 par un Forest National pour le moins impressionnant et retrouvera ce printemps 26 l\u2019OM et son ambiance unique !\r\n\r\n&nbsp;\r\n\r\n[embed] https:\/\/youtu.be\/UwubuIt6XNg?si=mei7EL0P1d1Uacar [\/embed]","photo":"","instagram":"https:\/\/www.instagram.com\/puggyofficial\/","facebook":"https:\/\/www.facebook.com\/puggyband\/?locale=fr_FR","tiktok":"","youtube":"","spotify":"","deezer":"","site_web":""},{"nom":"Pia","horaire":"","contenu":"Musicienne depuis son enfance, PIA a toujours cr\u00e9\u00e9 dans l\u2019intimit\u00e9 de son grenier.\r\n\r\nEn 2023, elle franchit une \u00e9tape d\u00e9cisive en participant \u00e0 The Voice Belgique, atteignant les lives et d\u00e9couvrant les coulisses d\u2019un univers musical professionnel.\r\n\r\nCette exp\u00e9rience confirme sa vocation et la pousse \u00e0 concr\u00e9tiser son projet avec le producteur bruxellois IDEEZ, donnant naissance \u00e0 \"Tu n\u2019existes pas\".\r\n\r\nLe 16 janvier 2026 est sorti son deuxi\u00e8me single \u201cMieux sans toi\u201d, qui aborde les relations amoureuses. Celles dans lesquelles on s\u2019investit mais qui finissent par faire de nous de parfaits inconnus. Celles o\u00f9 l\u2019on manque de courage pour partir au bon moment, lorsqu\u2019on r\u00e9alise que les sentiments ne sont pas l\u00e0. Celles o\u00f9 l\u2019on pr\u00e9f\u00e8re conserver un statut pour para\u00eetre cool.\r\n\r\nSon premier EP, Inconnu, est pr\u00e9vu pour le 10 avril 2026. Compos\u00e9 de cinq titres, il propose un univers pop dansant tout en abordant les questionnements propres \u00e0 la vingtaine.","photo":"","instagram":"https:\/\/www.instagram.com\/pia.musique_\/","facebook":"","tiktok":"","youtube":"","spotify":"","deezer":"","site_web":""}],"lien_ticket_wait":""},"yoast_head":"<!-- This site is optimized with the Yoast SEO plugin v27.4 - https:\/\/yoast.com\/product\/yoast-seo-wordpress\/ -->\n<title><\/title>\n<meta name=\"robots\" content=\"index, follow, max-snippet:-1, max-image-preview:large, max-video-preview:-1\" \/>\n<link rel=\"canonical\" href=\"https:\/\/omconcerts.be\/concert\/puggy-2\/\" \/>\n<meta property=\"og:locale\" content=\"en_US\" \/>\n<meta property=\"og:type\" content=\"article\" \/>\n<meta property=\"og:title\" content=\"[:fr]Puggy + Pia[:] &#8226; OM concerts\" \/>\n<meta property=\"og:url\" content=\"https:\/\/omconcerts.be\/concert\/puggy-2\/\" \/>\n<meta property=\"og:site_name\" content=\"OM concerts\" \/>\n<meta property=\"article:publisher\" content=\"https:\/\/www.facebook.com\/omconcerts.be\/\" \/>\n<meta property=\"article:modified_time\" content=\"2026-04-15T12:05:43+00:00\" \/>\n<meta property=\"og:image\" content=\"https:\/\/omconcerts.be\/wp-content\/uploads\/2023\/03\/partageOM.jpg\" \/>\n\t<meta property=\"og:image:width\" content=\"1200\" \/>\n\t<meta property=\"og:image:height\" content=\"630\" \/>\n\t<meta property=\"og:image:type\" content=\"image\/jpeg\" \/>\n<meta name=\"twitter:card\" content=\"summary_large_image\" \/>\n<!-- \/ Yoast SEO plugin. -->","yoast_head_json":{"title":"[:fr]Puggy + Pia[:] &#8226; OM concerts","robots":{"index":"index","follow":"follow","max-snippet":"max-snippet:-1","max-image-preview":"max-image-preview:large","max-video-preview":"max-video-preview:-1"},"canonical":"https:\/\/omconcerts.be\/concert\/puggy-2\/","og_locale":"en_US","og_type":"article","og_title":"[:fr]Puggy + Pia[:] &#8226; OM concerts","og_url":"https:\/\/omconcerts.be\/concert\/puggy-2\/","og_site_name":"OM concerts","article_publisher":"https:\/\/www.facebook.com\/omconcerts.be\/","article_modified_time":"2026-04-15T12:05:43+00:00","og_image":[{"width":1200,"height":630,"url":"https:\/\/omconcerts.be\/wp-content\/uploads\/2023\/03\/partageOM.jpg","type":"image\/jpeg"}],"twitter_card":"summary_large_image","schema":{"@context":"https:\/\/schema.org","@graph":[{"@type":"WebPage","@id":"https:\/\/omconcerts.be\/concert\/puggy-2\/","url":"https:\/\/omconcerts.be\/concert\/puggy-2\/","name":"[:fr]Puggy + Pia[:] &#8226; OM concerts","isPartOf":{"@id":"https:\/\/omconcerts.be\/#website"},"datePublished":"2025-12-16T13:00:07+00:00","dateModified":"2026-04-15T12:05:43+00:00","breadcrumb":{"@id":"https:\/\/omconcerts.be\/concert\/puggy-2\/#breadcrumb"},"inLanguage":"en-US","potentialAction":[{"@type":"ReadAction","target":["https:\/\/omconcerts.be\/concert\/puggy-2\/"]}]},{"@type":"BreadcrumbList","@id":"https:\/\/omconcerts.be\/concert\/puggy-2\/#breadcrumb","itemListElement":[{"@type":"ListItem","position":1,"name":"Accueil","item":"https:\/\/omconcerts.be\/"},{"@type":"ListItem","position":2,"name":"Concerts","item":"https:\/\/omconcerts.be\/agenda\/"},{"@type":"ListItem","position":3,"name":"Puggy + Pia"}]},{"@type":"WebSite","@id":"https:\/\/omconcerts.be\/#website","url":"https:\/\/omconcerts.be\/","name":"OM concerts","description":"","publisher":{"@id":"https:\/\/omconcerts.be\/#organization"},"alternateName":"OM","potentialAction":[{"@type":"SearchAction","target":{"@type":"EntryPoint","urlTemplate":"https:\/\/omconcerts.be\/?s={search_term_string}"},"query-input":{"@type":"PropertyValueSpecification","valueRequired":true,"valueName":"search_term_string"}}],"inLanguage":"en-US"},{"@type":"Organization","@id":"https:\/\/omconcerts.be\/#organization","name":"OM concerts","alternateName":"OM","url":"https:\/\/omconcerts.be\/","logo":{"@type":"ImageObject","inLanguage":"en-US","@id":"https:\/\/omconcerts.be\/#\/schema\/logo\/image\/","url":"https:\/\/omconcerts.be\/wp-content\/uploads\/2023\/02\/cropped-OM_LOGO.png","contentUrl":"https:\/\/omconcerts.be\/wp-content\/uploads\/2023\/02\/cropped-OM_LOGO.png","width":512,"height":512,"caption":"OM concerts"},"image":{"@id":"https:\/\/omconcerts.be\/#\/schema\/logo\/image\/"},"sameAs":["https:\/\/www.facebook.com\/omconcerts.be\/"]}]}},"_links":{"self":[{"href":"https:\/\/omconcerts.be\/en\/wp-json\/wp\/v2\/concert\/3009","targetHints":{"allow":["GET"]}}],"collection":[{"href":"https:\/\/omconcerts.be\/en\/wp-json\/wp\/v2\/concert"}],"about":[{"href":"https:\/\/omconcerts.be\/en\/wp-json\/wp\/v2\/types\/concert"}],"wp:attachment":[{"href":"https:\/\/omconcerts.be\/en\/wp-json\/wp\/v2\/media?parent=3009"}],"wp:term":[{"taxonomy":"category","embeddable":true,"href":"https:\/\/omconcerts.be\/en\/wp-json\/wp\/v2\/categories?post=3009"},{"taxonomy":"post_tag","embeddable":true,"href":"https:\/\/omconcerts.be\/en\/wp-json\/wp\/v2\/tags?post=3009"}],"curies":[{"name":"wp","href":"https:\/\/api.w.org\/{rel}","templated":true}]}}

"Are We There Yet ?", cinquième album, constitue, à l’évidence, une étape déterminante dans la carrière de Puggy. Collectif de producteurs tout-terrain, musiciens polyvalents, Matthew, Romain et Ziggy ont, au fil du temps, noué une relation unique avec ses fans. Cette connexion privilégiée se manifeste non seulement en streaming, mais aussi sur les ondes. Sollicité par les radios et le public, le hit "On My Mind" caracole ainsi, depuis plusieurs mois, sur les hauteurs de l’airplay en Belgique. Prolongé avec l’irrésistible "Mirror", single co-écrit aux côtés d’Yseult et chanté en compagnie de Maëlle, l’itinéraire tracé par "Are We There Yet?" est passé cet automne 25 par un Forest National pour le moins impressionnant et retrouvera ce printemps 26 l’OM et son ambiance unique !

&nbsp;

[embed] https://youtu.be/UwubuIt6XNg?si=mei7EL0P1d1Uacar [/embed]

Musicienne depuis son enfance, PIA a toujours créé dans l’intimité de son grenier.

En 2023, elle franchit une étape décisive en participant à The Voice Belgique, atteignant les lives et découvrant les coulisses d’un univers musical professionnel.

Cette expérience confirme sa vocation et la pousse à concrétiser son projet avec le producteur bruxellois IDEEZ, donnant naissance à "Tu n’existes pas".

Le 16 janvier 2026 est sorti son deuxième single “Mieux sans toi”, qui aborde les relations amoureuses. Celles dans lesquelles on s’investit mais qui finissent par faire de nous de parfaits inconnus. Celles où l’on manque de courage pour partir au bon moment, lorsqu’on réalise que les sentiments ne sont pas là. Celles où l’on préfère conserver un statut pour paraître cool.

Son premier EP, Inconnu, est prévu pour le 10 avril 2026. Composé de cinq titres, il propose un univers pop dansant tout en abordant les questionnements propres à la vingtaine.
