{"id":3049,"date":"2026-01-22T11:00:55","date_gmt":"2026-01-22T10:00:55","guid":{"rendered":"https:\/\/omconcerts.be\/?post_type=concert&#038;p=3049"},"modified":"2026-04-13T10:43:43","modified_gmt":"2026-04-13T08:43:43","slug":"eat-jazz-antoine-cirri-quartet","status":"publish","type":"concert","link":"https:\/\/omconcerts.be\/en\/concert\/eat-jazz-antoine-cirri-quartet\/","title":{"rendered":"EAT &#038; JAZZ : Antoine Cirri Quartet"},"excerpt":{"rendered":"","protected":false},"template":"","meta":{"_acf_changed":false,"_crsspst_to_reflektorbe":true},"categories":[5],"tags":[],"class_list":["post-3049","concert","type-concert","status-publish","hentry","category-om"],"acf":{"image_apercu":"3050","image_a_la_une":"3054","date":"20260416","date_month":"avril","url_du_ticket":"https:\/\/shop.paylogic.com\/05e52b4fef004e4ba5780676e18eaac1\/offsale","ticket_2":"","etat_des_tickets":"tickets","prix":"","heure_ouvertures_de_portes":"","heure_de_fin":"","contenu_concert":"<strong>HORAIRES:<\/strong>\r\n\r\n<strong>17H30: OUVERTURE OM RESTO<\/strong>\r\n<strong>20H00: DEBUT DU CONCERT<\/strong>\r\n\r\n&nbsp;\r\n\r\n<hr \/>\r\n\r\nL\u2019OM revient avec un nouveau Eat &amp; Jazz !\r\n\r\nLe 16 avril, plongez dans l\u2019exp\u00e9rience OM x OM RESTO avec Eat &amp; Jazz, l\u2019alliance parfaite entre un d\u00eener savoureux et la magie du jazz. Pour cette \u00e9dition, le Antoine Cirri Quartet vous offrira une performance captivante dans une ambiance chaleureuse. \ud83c\udfb6\r\n\r\nDeux formules au choix:\r\n\r\n<strong>1. Resto + Concert \u2014 40 \u20ac<\/strong>\r\n<ul>\r\n \t<li>Planche ap\u00e9ro (option v\u00e9gane disponible)<\/li>\r\n \t<li>Choix entre 5 d\u00e9licieux plats* pr\u00e9par\u00e9s par OM Resto<\/li>\r\n<\/ul>\r\n<strong>2. Concert uniquement \u2014 15 \u20ac<\/strong>\r\n\r\n* Plats au choix:\r\n<ul>\r\n \t<li>P\u00e2tes asperges &amp; citron vert<\/li>\r\n \t<li>Boulet \u00e0 la li\u00e9geoise<\/li>\r\n \t<li>Vol-au-vent<\/li>\r\n \t<li>Comme un ramen \u2013 b\u0153uf ou scampis<\/li>\r\n \t<li>L\u2019OM-Burger<\/li>\r\n<\/ul>","artiste":null,"lien_ticket_wait":""},"yoast_head":"<!-- This site is optimized with the Yoast SEO plugin v27.5 - https:\/\/yoast.com\/product\/yoast-seo-wordpress\/ -->\n<title><\/title>\n<meta name=\"robots\" content=\"index, follow, max-snippet:-1, max-image-preview:large, max-video-preview:-1\" \/>\n<link rel=\"canonical\" href=\"https:\/\/omconcerts.be\/concert\/eat-jazz-antoine-cirri-quartet\/\" \/>\n<meta property=\"og:locale\" content=\"en_US\" \/>\n<meta property=\"og:type\" content=\"article\" \/>\n<meta property=\"og:title\" content=\"[:fr]EAT &amp; JAZZ : Antoine Cirri Quartet [:] &#8226; OM concerts\" \/>\n<meta property=\"og:url\" content=\"https:\/\/omconcerts.be\/concert\/eat-jazz-antoine-cirri-quartet\/\" \/>\n<meta property=\"og:site_name\" content=\"OM concerts\" \/>\n<meta property=\"article:publisher\" content=\"https:\/\/www.facebook.com\/omconcerts.be\/\" \/>\n<meta property=\"article:modified_time\" content=\"2026-04-13T08:43:43+00:00\" \/>\n<meta property=\"og:image\" content=\"https:\/\/omconcerts.be\/wp-content\/uploads\/2023\/03\/partageOM.jpg\" \/>\n\t<meta property=\"og:image:width\" content=\"1200\" \/>\n\t<meta property=\"og:image:height\" content=\"630\" \/>\n\t<meta property=\"og:image:type\" content=\"image\/jpeg\" \/>\n<meta name=\"twitter:card\" content=\"summary_large_image\" \/>\n<!-- \/ Yoast SEO plugin. -->","yoast_head_json":{"title":"[:fr]EAT & JAZZ : Antoine Cirri Quartet [:] &#8226; OM concerts","robots":{"index":"index","follow":"follow","max-snippet":"max-snippet:-1","max-image-preview":"max-image-preview:large","max-video-preview":"max-video-preview:-1"},"canonical":"https:\/\/omconcerts.be\/concert\/eat-jazz-antoine-cirri-quartet\/","og_locale":"en_US","og_type":"article","og_title":"[:fr]EAT & JAZZ : Antoine Cirri Quartet [:] &#8226; OM concerts","og_url":"https:\/\/omconcerts.be\/concert\/eat-jazz-antoine-cirri-quartet\/","og_site_name":"OM concerts","article_publisher":"https:\/\/www.facebook.com\/omconcerts.be\/","article_modified_time":"2026-04-13T08:43:43+00:00","og_image":[{"width":1200,"height":630,"url":"https:\/\/omconcerts.be\/wp-content\/uploads\/2023\/03\/partageOM.jpg","type":"image\/jpeg"}],"twitter_card":"summary_large_image","schema":{"@context":"https:\/\/schema.org","@graph":[{"@type":"WebPage","@id":"https:\/\/omconcerts.be\/concert\/eat-jazz-antoine-cirri-quartet\/","url":"https:\/\/omconcerts.be\/concert\/eat-jazz-antoine-cirri-quartet\/","name":"[:fr]EAT & JAZZ : Antoine Cirri Quartet [:] &#8226; OM concerts","isPartOf":{"@id":"https:\/\/omconcerts.be\/#website"},"datePublished":"2026-01-22T10:00:55+00:00","dateModified":"2026-04-13T08:43:43+00:00","breadcrumb":{"@id":"https:\/\/omconcerts.be\/concert\/eat-jazz-antoine-cirri-quartet\/#breadcrumb"},"inLanguage":"en-US","potentialAction":[{"@type":"ReadAction","target":["https:\/\/omconcerts.be\/concert\/eat-jazz-antoine-cirri-quartet\/"]}]},{"@type":"BreadcrumbList","@id":"https:\/\/omconcerts.be\/concert\/eat-jazz-antoine-cirri-quartet\/#breadcrumb","itemListElement":[{"@type":"ListItem","position":1,"name":"Accueil","item":"https:\/\/omconcerts.be\/"},{"@type":"ListItem","position":2,"name":"Concerts","item":"https:\/\/omconcerts.be\/agenda\/"},{"@type":"ListItem","position":3,"name":"EAT &#038; JAZZ : Antoine Cirri Quartet"}]},{"@type":"WebSite","@id":"https:\/\/omconcerts.be\/#website","url":"https:\/\/omconcerts.be\/","name":"OM concerts","description":"","publisher":{"@id":"https:\/\/omconcerts.be\/#organization"},"alternateName":"OM","potentialAction":[{"@type":"SearchAction","target":{"@type":"EntryPoint","urlTemplate":"https:\/\/omconcerts.be\/?s={search_term_string}"},"query-input":{"@type":"PropertyValueSpecification","valueRequired":true,"valueName":"search_term_string"}}],"inLanguage":"en-US"},{"@type":"Organization","@id":"https:\/\/omconcerts.be\/#organization","name":"OM concerts","alternateName":"OM","url":"https:\/\/omconcerts.be\/","logo":{"@type":"ImageObject","inLanguage":"en-US","@id":"https:\/\/omconcerts.be\/#\/schema\/logo\/image\/","url":"https:\/\/omconcerts.be\/wp-content\/uploads\/2023\/02\/cropped-OM_LOGO.png","contentUrl":"https:\/\/omconcerts.be\/wp-content\/uploads\/2023\/02\/cropped-OM_LOGO.png","width":512,"height":512,"caption":"OM concerts"},"image":{"@id":"https:\/\/omconcerts.be\/#\/schema\/logo\/image\/"},"sameAs":["https:\/\/www.facebook.com\/omconcerts.be\/"]}]}},"_links":{"self":[{"href":"https:\/\/omconcerts.be\/en\/wp-json\/wp\/v2\/concert\/3049","targetHints":{"allow":["GET"]}}],"collection":[{"href":"https:\/\/omconcerts.be\/en\/wp-json\/wp\/v2\/concert"}],"about":[{"href":"https:\/\/omconcerts.be\/en\/wp-json\/wp\/v2\/types\/concert"}],"wp:attachment":[{"href":"https:\/\/omconcerts.be\/en\/wp-json\/wp\/v2\/media?parent=3049"}],"wp:term":[{"taxonomy":"category","embeddable":true,"href":"https:\/\/omconcerts.be\/en\/wp-json\/wp\/v2\/categories?post=3049"},{"taxonomy":"post_tag","embeddable":true,"href":"https:\/\/omconcerts.be\/en\/wp-json\/wp\/v2\/tags?post=3049"}],"curies":[{"name":"wp","href":"https:\/\/api.w.org\/{rel}","templated":true}]}}

<strong>HORAIRES:</strong>

<strong>17H30: OUVERTURE OM RESTO</strong>
<strong>20H00: DEBUT DU CONCERT</strong>

&nbsp;

<hr />

L’OM revient avec un nouveau Eat &amp; Jazz !

Le 16 avril, plongez dans l’expérience OM x OM RESTO avec Eat &amp; Jazz, l’alliance parfaite entre un dîner savoureux et la magie du jazz. Pour cette édition, le Antoine Cirri Quartet vous offrira une performance captivante dans une ambiance chaleureuse. 🎶

Deux formules au choix:

<strong>1. Resto + Concert — 40 €</strong>
<ul>
 	<li>Planche apéro (option végane disponible)</li>
 	<li>Choix entre 5 délicieux plats* préparés par OM Resto</li>
</ul>
<strong>2. Concert uniquement — 15 €</strong>

* Plats au choix:
<ul>
 	<li>Pâtes asperges &amp; citron vert</li>
 	<li>Boulet à la liégeoise</li>
 	<li>Vol-au-vent</li>
 	<li>Comme un ramen – bœuf ou scampis</li>
 	<li>L’OM-Burger</li>
</ul>
