{"id":3434,"date":"2026-09-03T12:00:52","date_gmt":"2026-09-03T10:00:52","guid":{"rendered":"https:\/\/omconcerts.be\/?post_type=concert&#038;p=3434"},"modified":"2026-09-03T12:04:47","modified_gmt":"2026-09-03T10:04:47","slug":"kid-sophie-fanny","status":"publish","type":"concert","link":"https:\/\/omconcerts.be\/en\/concert\/kid-sophie-fanny\/","title":{"rendered":"KID SOPHIE + FANNY"},"excerpt":{"rendered":"","protected":false},"template":"","meta":{"_acf_changed":false,"_crsspst_to_reflektorbe":true},"categories":[71],"tags":[],"class_list":["post-3434","concert","type-concert","status-publish","hentry","category-regina-club"],"acf":{"image_apercu":"3445","image_a_la_une":"3444","date":"20261217","date_month":"decembre","url_du_ticket":"https:\/\/shop.paylogic.com\/b5c5cda405104373806df413ce341b59","ticket_2":"","etat_des_tickets":"tickets","prix":"","heure_ouvertures_de_portes":"","heure_de_fin":"","contenu_concert":"En accord avec Progress, le concert de Kid Sophie et Fanny, pr\u00e9vu le 17 d\u00e9cembre, aura lieu au Regina Club (Rue Soeur de Hasque 13, Li\u00e8ge).","pour_les_fans_de":"","artiste":[{"nom":"Fanny","horaire":"","contenu":"Dans des chansons \u00e0 l\u2019esth\u00e9tique vintage et \u00e9pique, sublim\u00e9es par ses looks r\u00e9tro et color\u00e9s, Fanny nous raconte les fins d\u2019\u00e9t\u00e9s m\u00e9lancoliques, le spleen amoureux, ses peurs et l\u2019ennui qui la gagne parfois. Sur sc\u00e8ne, l'ancienne chanteuse du groupe La Femme\u00a0alterne entre chant et fl\u00fbte traversi\u00e8re, d\u00e9voilant son r\u00e9pertoire francophone et 60\u2019s : un live qui r\u00e9sonne comme une carte postale de fin de vacances, c\u0153ur charg\u00e9 et soleil de plomb, pour un destinataire anonyme. Son premier EP sortira\u00a0d\u00e9but d\u00e9cembre 2026.","photo":"","instagram":"https:\/\/www.instagram.com\/fannyluzignant\/","facebook":"","tiktok":"","youtube":"","spotify":"","deezer":"","site_web":""},{"nom":"Kid Sophie","horaire":"","contenu":"Apr\u00e8s plusieurs ann\u00e9es comme bassiste et co-compositrice au sein de Hyphen Hyphen, et un travail reconnu de r\u00e9alisatrice artistique et d\u2019arrangeuse aupr\u00e8s de Santa, Line se lance en solo sous le nom de Kid Sophie. Son projet de pop alternative et \u00e9lectronique s\u2019inscrit dans une esth\u00e9tique new wave contemporaine, \u00e0 la fois a\u00e9rienne et introspective. Elle y fait de la m\u00e9moire, de l\u2019enfance et des failles int\u00e9rieures un terrain d\u2019\u00e9mancipation, \u00e0 travers une musique sensible et habit\u00e9e. Elle pr\u00e9pare actuellement la sortie de son premier EP, pr\u00e9vu pour d\u00e9but 2027.\r\n\r\n&nbsp;\r\n\r\n[embed]https:\/\/www.youtube.com\/watch?v=8mDd9ApGSYs[\/embed]","photo":"","instagram":"https:\/\/www.instagram.com\/kid_sophie_","facebook":"","tiktok":"","youtube":"","spotify":"","deezer":"","site_web":""}],"lien_ticket_wait":""},"yoast_head":"<!-- This site is optimized with the Yoast SEO plugin v28.4 - https:\/\/yoast.com\/product\/yoast-seo-wordpress\/ -->\n<title><\/title>\n<meta name=\"robots\" content=\"index, follow, max-snippet:-1, max-image-preview:large, max-video-preview:-1\" \/>\n<link rel=\"canonical\" href=\"https:\/\/omconcerts.be\/concert\/kid-sophie-fanny\/\" \/>\n<meta property=\"og:locale\" content=\"en_US\" \/>\n<meta property=\"og:type\" content=\"article\" \/>\n<meta property=\"og:title\" content=\"[:fr]KID SOPHIE + FANNY[:] &#8226; OM concerts\" \/>\n<meta property=\"og:url\" content=\"https:\/\/omconcerts.be\/concert\/kid-sophie-fanny\/\" \/>\n<meta property=\"og:site_name\" content=\"OM concerts\" \/>\n<meta property=\"article:publisher\" content=\"https:\/\/www.facebook.com\/omconcerts.be\/\" \/>\n<meta property=\"article:modified_time\" content=\"2026-09-03T10:04:47+00:00\" \/>\n<meta property=\"og:image\" content=\"https:\/\/omconcerts.be\/wp-content\/uploads\/2023\/03\/partageOM.jpg\" \/>\n\t<meta property=\"og:image:width\" content=\"1200\" \/>\n\t<meta property=\"og:image:height\" content=\"630\" \/>\n\t<meta property=\"og:image:type\" content=\"image\/jpeg\" \/>\n<meta name=\"twitter:card\" content=\"summary_large_image\" \/>\n<!-- \/ Yoast SEO plugin. -->","yoast_head_json":{"title":"[:fr]KID SOPHIE + FANNY[:] &#8226; OM concerts","robots":{"index":"index","follow":"follow","max-snippet":"max-snippet:-1","max-image-preview":"max-image-preview:large","max-video-preview":"max-video-preview:-1"},"canonical":"https:\/\/omconcerts.be\/concert\/kid-sophie-fanny\/","og_locale":"en_US","og_type":"article","og_title":"[:fr]KID SOPHIE + FANNY[:] &#8226; OM concerts","og_url":"https:\/\/omconcerts.be\/concert\/kid-sophie-fanny\/","og_site_name":"OM concerts","article_publisher":"https:\/\/www.facebook.com\/omconcerts.be\/","article_modified_time":"2026-09-03T10:04:47+00:00","og_image":[{"width":1200,"height":630,"url":"https:\/\/omconcerts.be\/wp-content\/uploads\/2023\/03\/partageOM.jpg","type":"image\/jpeg"}],"twitter_card":"summary_large_image","schema":{"@context":"https:\/\/schema.org","@graph":[{"@type":"WebPage","@id":"https:\/\/omconcerts.be\/concert\/kid-sophie-fanny\/","url":"https:\/\/omconcerts.be\/concert\/kid-sophie-fanny\/","name":"[:fr]KID SOPHIE + FANNY[:] &#8226; OM concerts","isPartOf":{"@id":"https:\/\/omconcerts.be\/#website"},"datePublished":"2026-09-03T10:00:52+00:00","dateModified":"2026-09-03T10:04:47+00:00","breadcrumb":{"@id":"https:\/\/omconcerts.be\/concert\/kid-sophie-fanny\/#breadcrumb"},"inLanguage":"en-US","potentialAction":[{"@type":"ReadAction","target":["https:\/\/omconcerts.be\/concert\/kid-sophie-fanny\/"]}]},{"@type":"BreadcrumbList","@id":"https:\/\/omconcerts.be\/concert\/kid-sophie-fanny\/#breadcrumb","itemListElement":[{"@type":"ListItem","position":1,"name":"Accueil","item":"https:\/\/omconcerts.be\/"},{"@type":"ListItem","position":2,"name":"Concerts","item":"https:\/\/omconcerts.be\/agenda\/"},{"@type":"ListItem","position":3,"name":"KID SOPHIE + FANNY"}]},{"@type":"WebSite","@id":"https:\/\/omconcerts.be\/#website","url":"https:\/\/omconcerts.be\/","name":"OM concerts","description":"","publisher":{"@id":"https:\/\/omconcerts.be\/#organization"},"alternateName":"OM","potentialAction":[{"@type":"SearchAction","target":{"@type":"EntryPoint","urlTemplate":"https:\/\/omconcerts.be\/?s={search_term_string}"},"query-input":{"@type":"PropertyValueSpecification","valueRequired":true,"valueName":"search_term_string"}}],"inLanguage":"en-US"},{"@type":"Organization","@id":"https:\/\/omconcerts.be\/#organization","name":"OM concerts","alternateName":"OM","url":"https:\/\/omconcerts.be\/","logo":{"@type":"ImageObject","inLanguage":"en-US","@id":"https:\/\/omconcerts.be\/#\/schema\/logo\/image\/","url":"https:\/\/omconcerts.be\/wp-content\/uploads\/2023\/02\/cropped-OM_LOGO.png","contentUrl":"https:\/\/omconcerts.be\/wp-content\/uploads\/2023\/02\/cropped-OM_LOGO.png","width":512,"height":512,"caption":"OM concerts"},"image":{"@id":"https:\/\/omconcerts.be\/#\/schema\/logo\/image\/"},"sameAs":["https:\/\/www.facebook.com\/omconcerts.be\/"]}]}},"_links":{"self":[{"href":"https:\/\/omconcerts.be\/en\/wp-json\/wp\/v2\/concert\/3434","targetHints":{"allow":["GET"]}}],"collection":[{"href":"https:\/\/omconcerts.be\/en\/wp-json\/wp\/v2\/concert"}],"about":[{"href":"https:\/\/omconcerts.be\/en\/wp-json\/wp\/v2\/types\/concert"}],"wp:attachment":[{"href":"https:\/\/omconcerts.be\/en\/wp-json\/wp\/v2\/media?parent=3434"}],"wp:term":[{"taxonomy":"category","embeddable":true,"href":"https:\/\/omconcerts.be\/en\/wp-json\/wp\/v2\/categories?post=3434"},{"taxonomy":"post_tag","embeddable":true,"href":"https:\/\/omconcerts.be\/en\/wp-json\/wp\/v2\/tags?post=3434"}],"curies":[{"name":"wp","href":"https:\/\/api.w.org\/{rel}","templated":true}]}}

En accord avec Progress, le concert de Kid Sophie et Fanny, prévu le 17 décembre, aura lieu au Regina Club (Rue Soeur de Hasque 13, Liège).

Dans des chansons à l’esthétique vintage et épique, sublimées par ses looks rétro et colorés, Fanny nous raconte les fins d’étés mélancoliques, le spleen amoureux, ses peurs et l’ennui qui la gagne parfois. Sur scène, l'ancienne chanteuse du groupe La Femme alterne entre chant et flûte traversière, dévoilant son répertoire francophone et 60’s : un live qui résonne comme une carte postale de fin de vacances, cœur chargé et soleil de plomb, pour un destinataire anonyme. Son premier EP sortira début décembre 2026.

Après plusieurs années comme bassiste et co-compositrice au sein de Hyphen Hyphen, et un travail reconnu de réalisatrice artistique et d’arrangeuse auprès de Santa, Line se lance en solo sous le nom de Kid Sophie. Son projet de pop alternative et électronique s’inscrit dans une esthétique new wave contemporaine, à la fois aérienne et introspective. Elle y fait de la mémoire, de l’enfance et des failles intérieures un terrain d’émancipation, à travers une musique sensible et habitée. Elle prépare actuellement la sortie de son premier EP, prévu pour début 2027.

&nbsp;

[embed]https://www.youtube.com/watch?v=8mDd9ApGSYs[/embed]
