{"id":1367,"date":"2024-02-20T14:24:59","date_gmt":"2024-02-20T13:24:59","guid":{"rendered":"https:\/\/omconcerts.be\/?post_type=concert&#038;p=1367"},"modified":"2024-02-20T14:24:59","modified_gmt":"2024-02-20T13:24:59","slug":"johan-dupont-trio","status":"publish","type":"concert","link":"https:\/\/omconcerts.be\/nl\/concert\/johan-dupont-trio\/","title":{"rendered":"JOHAN DUPONT TRIO"},"excerpt":{"rendered":"","protected":false},"template":"","meta":{"_acf_changed":false,"_crsspst_to_reflektorbe":true},"categories":[54],"tags":[],"class_list":["post-1367","concert","type-concert","status-publish","hentry","category-trocadero"],"acf":{"image_apercu":"1368","image_a_la_une":"1369","date":"20240502","date_month":"mai","url_du_ticket":"https:\/\/shop.paylogic.com\/c54de9963ef24ca085c9cdb8a7baaf46\/","ticket_2":"","etat_des_tickets":"tickets","prix":"","heure_ouvertures_de_portes":"","heure_de_fin":"","contenu_concert":"A l'occasion du <a href=\"https:\/\/jazzaliege.be\/?lng=fr\">Uhoda Jazz \u00e0 Li\u00e8ge <\/a>","artiste":[{"nom":"JOHAN DUPONT TRIO","horaire":"","contenu":"On peut l\u2019affirmer : le trio form\u00e9 par le pianiste Johan Dupont, la bassiste Bo Waterschoot et le batteur et percussionniste Stephan Pougin promet une soir\u00e9e riche en \u00e9motions. \r\n\r\nPianiste de formation classique, Johan Dupont a \u00e9tudi\u00e9 la musique improvis\u00e9e avec Garett List au Conservatoire de Li\u00e8ge, et le jazz avec Eric Legnini au Conservatoire Royal de Bruxelles. Improvisateur curieux et ludique, d\u2019une aisance jamais d\u00e9monstrative, il a notamment accompagn\u00e9 le guitariste manouche Samson Smith et les chanteuses lyriques Julie Mossay et Sarah Laulan. \r\n\r\nPass\u00e9e elle aussi par le Conservatoire Royal de Bruxelles et la classe de Michel Hatzigeorgiou, puis par le prestigieux Musician Institute de Los Angeles, Bo Waterschoot est une authentique surdou\u00e9e de la basse sous toutes ses formes. On a pu la voir accompagner des artistes aussi divers que Urban Trad, S\u00e9bastien Duthoit, Bruno Castellucci ou Sophie Cavez, pour n\u2019en citer que quelques-uns, dans des r\u00e9pertoires allant du folk au contemporain en passant par le jazz, la pop, le m\u00e9tal, le rock, et la musique br\u00e9silienne.\r\n\r\nAncien \u00e9l\u00e8ve de la l\u00e9gende du jazz Billy Hart et de Georges-Elie Octors (qui dirigea l\u2019ensemble Musiques Nouvelles), Stephan Pougin est quant \u00e0 lui un percussionniste \u00e9clectique, r\u00e9tif aux fronti\u00e8res musicales, ce dont t\u00e9moigne une carri\u00e8re d\u00e9j\u00e0 riche de tr\u00e8s nombreuses collaborations, de Tuur Floorizone \u00e0 Panta Rhei, de Steve Houben \u00e0 Mikis Th\u00e9odorakis, de la musique baroque au jazz, ou du folk \u00e0 la Bossa Nova. \r\nOn l\u2019aura compris, ces trois-l\u00e0 ne sont pas de ceux que les m\u00e9langes et les m\u00e9tissages effraient. Les compositions inclassables de Johan Dupont explorent, avec d\u00e9licatesse, un espace musical baign\u00e9 d\u2019enfance et de nostalgie,\u00a0peupl\u00e9 des souvenirs doux-amers d\u2019un paradis perdu, l\u00e0 o\u00f9 tout \u00e9tait possible, o\u00f9 rien ne manquait. C\u2019est bouleversant et lumineux. Il fallait bien trois artistes aussi intr\u00e9pides que sensibles pour se risquer sur pareil territoire. \r\n\r\nLe concert accompagne la sortie du tr\u00e8s attendu premier album du trio qui sort sur le label Flak Records (distribution\u00a0PIAS).","photo":"","instagram":"https:\/\/www.instagram.com\/johandupont_pianiste\/","facebook":"https:\/\/www.facebook.com\/johan.dupont.313","tiktok":"","youtube":"","spotify":"","deezer":"","site_web":""}],"lien_ticket_wait":""},"yoast_head":"<!-- This site is optimized with the Yoast SEO plugin v27.5 - https:\/\/yoast.com\/product\/yoast-seo-wordpress\/ -->\n<title><\/title>\n<meta name=\"robots\" content=\"index, follow, max-snippet:-1, max-image-preview:large, max-video-preview:-1\" \/>\n<link rel=\"canonical\" href=\"https:\/\/omconcerts.be\/concert\/johan-dupont-trio\/\" \/>\n<meta property=\"og:locale\" content=\"nl_NL\" \/>\n<meta property=\"og:type\" content=\"article\" \/>\n<meta property=\"og:title\" content=\"[:fr]JOHAN DUPONT TRIO [:] &#8226; OM concerts\" \/>\n<meta property=\"og:url\" content=\"https:\/\/omconcerts.be\/concert\/johan-dupont-trio\/\" \/>\n<meta property=\"og:site_name\" content=\"OM concerts\" \/>\n<meta property=\"article:publisher\" content=\"https:\/\/www.facebook.com\/omconcerts.be\/\" \/>\n<meta property=\"og:image\" content=\"https:\/\/omconcerts.be\/wp-content\/uploads\/2023\/03\/partageOM.jpg\" \/>\n\t<meta property=\"og:image:width\" content=\"1200\" \/>\n\t<meta property=\"og:image:height\" content=\"630\" \/>\n\t<meta property=\"og:image:type\" content=\"image\/jpeg\" \/>\n<meta name=\"twitter:card\" content=\"summary_large_image\" \/>\n<!-- \/ Yoast SEO plugin. -->","yoast_head_json":{"title":"[:fr]JOHAN DUPONT TRIO [:] &#8226; OM concerts","robots":{"index":"index","follow":"follow","max-snippet":"max-snippet:-1","max-image-preview":"max-image-preview:large","max-video-preview":"max-video-preview:-1"},"canonical":"https:\/\/omconcerts.be\/concert\/johan-dupont-trio\/","og_locale":"nl_NL","og_type":"article","og_title":"[:fr]JOHAN DUPONT TRIO [:] &#8226; OM concerts","og_url":"https:\/\/omconcerts.be\/concert\/johan-dupont-trio\/","og_site_name":"OM concerts","article_publisher":"https:\/\/www.facebook.com\/omconcerts.be\/","og_image":[{"width":1200,"height":630,"url":"https:\/\/omconcerts.be\/wp-content\/uploads\/2023\/03\/partageOM.jpg","type":"image\/jpeg"}],"twitter_card":"summary_large_image","schema":{"@context":"https:\/\/schema.org","@graph":[{"@type":"WebPage","@id":"https:\/\/omconcerts.be\/concert\/johan-dupont-trio\/","url":"https:\/\/omconcerts.be\/concert\/johan-dupont-trio\/","name":"[:fr]JOHAN DUPONT TRIO [:] &#8226; OM concerts","isPartOf":{"@id":"https:\/\/omconcerts.be\/#website"},"datePublished":"2024-02-20T13:24:59+00:00","breadcrumb":{"@id":"https:\/\/omconcerts.be\/concert\/johan-dupont-trio\/#breadcrumb"},"inLanguage":"nl-NL","potentialAction":[{"@type":"ReadAction","target":["https:\/\/omconcerts.be\/concert\/johan-dupont-trio\/"]}]},{"@type":"BreadcrumbList","@id":"https:\/\/omconcerts.be\/concert\/johan-dupont-trio\/#breadcrumb","itemListElement":[{"@type":"ListItem","position":1,"name":"Accueil","item":"https:\/\/omconcerts.be\/"},{"@type":"ListItem","position":2,"name":"Concerts","item":"https:\/\/omconcerts.be\/agenda\/"},{"@type":"ListItem","position":3,"name":"JOHAN DUPONT TRIO"}]},{"@type":"WebSite","@id":"https:\/\/omconcerts.be\/#website","url":"https:\/\/omconcerts.be\/","name":"OM concerts","description":"","publisher":{"@id":"https:\/\/omconcerts.be\/#organization"},"alternateName":"OM","potentialAction":[{"@type":"SearchAction","target":{"@type":"EntryPoint","urlTemplate":"https:\/\/omconcerts.be\/?s={search_term_string}"},"query-input":{"@type":"PropertyValueSpecification","valueRequired":true,"valueName":"search_term_string"}}],"inLanguage":"nl-NL"},{"@type":"Organization","@id":"https:\/\/omconcerts.be\/#organization","name":"OM concerts","alternateName":"OM","url":"https:\/\/omconcerts.be\/","logo":{"@type":"ImageObject","inLanguage":"nl-NL","@id":"https:\/\/omconcerts.be\/#\/schema\/logo\/image\/","url":"https:\/\/omconcerts.be\/wp-content\/uploads\/2023\/02\/cropped-OM_LOGO.png","contentUrl":"https:\/\/omconcerts.be\/wp-content\/uploads\/2023\/02\/cropped-OM_LOGO.png","width":512,"height":512,"caption":"OM concerts"},"image":{"@id":"https:\/\/omconcerts.be\/#\/schema\/logo\/image\/"},"sameAs":["https:\/\/www.facebook.com\/omconcerts.be\/"]}]}},"_links":{"self":[{"href":"https:\/\/omconcerts.be\/nl\/wp-json\/wp\/v2\/concert\/1367","targetHints":{"allow":["GET"]}}],"collection":[{"href":"https:\/\/omconcerts.be\/nl\/wp-json\/wp\/v2\/concert"}],"about":[{"href":"https:\/\/omconcerts.be\/nl\/wp-json\/wp\/v2\/types\/concert"}],"wp:attachment":[{"href":"https:\/\/omconcerts.be\/nl\/wp-json\/wp\/v2\/media?parent=1367"}],"wp:term":[{"taxonomy":"category","embeddable":true,"href":"https:\/\/omconcerts.be\/nl\/wp-json\/wp\/v2\/categories?post=1367"},{"taxonomy":"post_tag","embeddable":true,"href":"https:\/\/omconcerts.be\/nl\/wp-json\/wp\/v2\/tags?post=1367"}],"curies":[{"name":"wp","href":"https:\/\/api.w.org\/{rel}","templated":true}]}}

A l'occasion du <a href="https://jazzaliege.be/?lng=fr">Uhoda Jazz à Liège </a>

On peut l’affirmer : le trio formé par le pianiste Johan Dupont, la bassiste Bo Waterschoot et le batteur et percussionniste Stephan Pougin promet une soirée riche en émotions. 

Pianiste de formation classique, Johan Dupont a étudié la musique improvisée avec Garett List au Conservatoire de Liège, et le jazz avec Eric Legnini au Conservatoire Royal de Bruxelles. Improvisateur curieux et ludique, d’une aisance jamais démonstrative, il a notamment accompagné le guitariste manouche Samson Smith et les chanteuses lyriques Julie Mossay et Sarah Laulan. 

Passée elle aussi par le Conservatoire Royal de Bruxelles et la classe de Michel Hatzigeorgiou, puis par le prestigieux Musician Institute de Los Angeles, Bo Waterschoot est une authentique surdouée de la basse sous toutes ses formes. On a pu la voir accompagner des artistes aussi divers que Urban Trad, Sébastien Duthoit, Bruno Castellucci ou Sophie Cavez, pour n’en citer que quelques-uns, dans des répertoires allant du folk au contemporain en passant par le jazz, la pop, le métal, le rock, et la musique brésilienne.

Ancien élève de la légende du jazz Billy Hart et de Georges-Elie Octors (qui dirigea l’ensemble Musiques Nouvelles), Stephan Pougin est quant à lui un percussionniste éclectique, rétif aux frontières musicales, ce dont témoigne une carrière déjà riche de très nombreuses collaborations, de Tuur Floorizone à Panta Rhei, de Steve Houben à Mikis Théodorakis, de la musique baroque au jazz, ou du folk à la Bossa Nova. 
On l’aura compris, ces trois-là ne sont pas de ceux que les mélanges et les métissages effraient. Les compositions inclassables de Johan Dupont explorent, avec délicatesse, un espace musical baigné d’enfance et de nostalgie, peuplé des souvenirs doux-amers d’un paradis perdu, là où tout était possible, où rien ne manquait. C’est bouleversant et lumineux. Il fallait bien trois artistes aussi intrépides que sensibles pour se risquer sur pareil territoire. 

Le concert accompagne la sortie du très attendu premier album du trio qui sort sur le label Flak Records (distribution PIAS).
