{"id":1485,"date":"2024-04-15T10:55:23","date_gmt":"2024-04-15T08:55:23","guid":{"rendered":"https:\/\/omconcerts.be\/?post_type=concert&#038;p=1485"},"modified":"2025-02-06T12:10:15","modified_gmt":"2025-02-06T11:10:15","slug":"parra-for-cuva","status":"publish","type":"concert","link":"https:\/\/omconcerts.be\/nl\/concert\/parra-for-cuva\/","title":{"rendered":"Parra for Cuva + il:lo"},"excerpt":{"rendered":"","protected":false},"template":"","meta":{"_acf_changed":false,"_crsspst_to_reflektorbe":true},"categories":[6],"tags":[23],"class_list":["post-1485","concert","type-concert","status-publish","hentry","category-reflektor","tag-electro"],"acf":{"image_apercu":"1486","image_a_la_une":"1487","date":"20250206","date_month":"fevrier","url_du_ticket":"https:\/\/shop.paylogic.com\/c0636e85e72f4a7ba0d5f13ffd6a6644","ticket_2":"","etat_des_tickets":"tickets","prix":"","heure_ouvertures_de_portes":"19:30:00","heure_de_fin":"","contenu_concert":"TICKETS DISPONIBLES","artiste":[{"nom":"Parra for Cuva","horaire":"21:00:00","contenu":"S'il y a un mot qui r\u00e9sume le son de Parra for Cuva, c'est \"wanderlust\". Ses musiques sont connues avant tout pour leur caract\u00e8re mondial - un terrain magique o\u00f9 le steel drum des Cara\u00efbes peut rencontrer un ancien instrument zimbabw\u00e9en sur des paysages sonores \u00e9lectroniques m\u00e9lodiques qui emm\u00e8nent imm\u00e9diatement l'esprit vers des contr\u00e9es lointaines. C'est ce sens de l'ouverture que le producteur \u00e9lectronique et multi-instrumentiste allemand a cultiv\u00e9 d\u00e8s le d\u00e9but, et m\u00eame si ses comp\u00e9tences deviennent de plus en plus raffin\u00e9es et son son de plus en plus mature, la musique de Parra for Cuva conserve cette qualit\u00e9 d'errance \u00e9toil\u00e9e \u00e0 laquelle il est difficile de r\u00e9sister.N\u00e9 en 1991, Nicolas Janco est fascin\u00e9 par le son depuis son plus jeune \u00e2ge. Son premier studio se trouvait dans sa chambre d'enfant \u00e0 Northeim, une petite ville d'Allemagne, o\u00f9 deux haut-parleurs rudimentaires et un piano midi tr\u00f4naient parmi ses jouets. Il a commenc\u00e9 son parcours musical par le piano classique, mais son enthousiasme l'a rapidement amen\u00e9 \u00e0 s'int\u00e9resser au hip-hop, au jazz, \u00e0 la pop et \u00e0 l'indie. Et m\u00eame lorsqu'il d\u00e9couvre la musique \u00e9lectronique, d\u00e9m\u00e9nageant peu apr\u00e8s \u00e0 Berlin pour poursuivre ses \u00e9tudes et sa carri\u00e8re de producteur, son voyage avec diff\u00e9rents instruments et langages musicaux ne fait que commencer. Aujourd'hui, dans son studio, la diversit\u00e9 des instruments - des cloches aux fl\u00fbtes en passant par les kalimbas et les percussions de toutes sortes - montre \u00e0 quel point Nicolas est un explorateur du son.Bien qu'il ait d\u00e9j\u00e0 gagn\u00e9 un public fid\u00e8le avec des singles qui ont cartonn\u00e9 et deux albums acclam\u00e9s, Majour\u00e9 (2014) et Darw\u00ee\u015b (2016), c'est vraiment avec la sortie dePaspatou en 2018 que le nom de Parra for Cuva est devenu intrins\u00e8quement li\u00e9 \u00e0 un sens de l'errance, et son style de production unique instantan\u00e9ment reconnaissable dans le monde entier. Intitul\u00e9 d'apr\u00e8s le majordome du Tour du monde en 80 jours de Jules Verne, Paspatou m\u00e9lange des fieldrecordings et des samples, des modulations et des r\u00e9verb\u00e9rations triviales avec des segments o\u00f9 Nicolastinke avec un nouvel instrument ou un gadget dans un voyage plein d'\u00e9motions et de subtiles torsions. Paspatou a permis \u00e0 Parra for Cuva de se faire une place unique en tant qu'artiste n'ayant pas peur de m\u00e9langer des exp\u00e9rimentations de pistes de danse avec des paysages sonores acoustiques et ethniques. Son quatri\u00e8me album studio Juno, sorti en 2021, a pouss\u00e9 sa vision globale encore plus loin avec la participation de sept musiciens du monde entier, dont la plupart se sont rencontr\u00e9s en ligne et ont travaill\u00e9 \u00e0 distance avec Nicolas. Juno a montr\u00e9 que la sc\u00e8ne \u00e9lectronique berlinoise avait plus \u00e0 offrir que de la hard electronica et de la techno. L'univers sonore de Juno \u00e9tait plus proche de la production de contemporains tels que Christian L\u00f6ffler et Max Cooper, qui impr\u00e8gnent leurs productions \u00e9lectroniques de sons analogiques chauds et souvent m\u00e9lancoliques. Avec cet album, Parra for Cuva a montr\u00e9 qu'il \u00e9tait possible de cr\u00e9er des voyages qui se d\u00e9roulent aussi bien sur le dancefloor qu'\u00e0 la maison ou m\u00eame sur la route.Parra for Cuva s'est produit dans certains des festivals les plus c\u00e9l\u00e8bres du monde et sur des sc\u00e8nes \u00e0 guichets ferm\u00e9s comme Burning Man, Sziget, Fusion, Koko London ou Concourse Project \u00e0 Austin.Sa musique a \u00e9t\u00e9 utilis\u00e9e comme bande originale de la s\u00e9rie t\u00e9l\u00e9vis\u00e9e de Netflix, The Umbrella Academy et est ensuite entr\u00e9e dans le top 30 des Shazam's Global Charts. En 2023, il a remix\u00e9 Monolink'strack Turning Away et Odesza's Light of Day featuring \u00d3lafur Arnalds. Son nouvel et quatri\u00e8me album studio, Mimose, devrait sortir au printemps 2024. L'album poursuit l'exploration avide du son de Parra forCuva dans un voyage surprenant et sensible qui r\u00e9unit des voix obs\u00e9dantes, des chants de ch\u0153ur, des lignes de basse groovy, des shakers induisant la transe et de nombreuses collaborations passionnantes.\r\n\r\n\r\n[embed]https:\/\/youtu.be\/UdXR1zpJ22Q?si=yMeUzvsQya9ZJF6I[\/embed]","photo":"","instagram":"https:\/\/www.instagram.com\/parra_for_cuva\/","facebook":"","tiktok":"","youtube":"","spotify":"","deezer":"","site_web":""},{"nom":"il:lo","horaire":"20:00:00","contenu":"Form\u00e9 il y a plus de dix ans \u00e0 Prague, le duo Dejan Dejado et Andreas Sch\u00fctz d'il:lo travaille au-del\u00e0 des fronti\u00e8res, du temps et de l'espace (l'un vit \u00e0 Berlin tandis que l'autre r\u00e9side actuellement dans le sud de la France). Ils s\u2019\u00e9changent des morceaux et des extraits jusqu\u2019\u00e0 ce qu\u2019ils en soient satisfaits. \r\n\r\nApr\u00e8s Sloh en 2019, leurs r\u00e9centes collaborations avec Anjunadeep (notamment l\u2019EP Meliadi en 2021) et des tourn\u00e9es en soutien \u00e0 Parra For Cuva, Stimming, Janus Rasmussen, CloZee et Zimmer, le duo pr\u00e9sente sa derni\u00e8re cr\u00e9ation : Myriad. Cet EP explore les limites et les attentes autour d\u2019il:lo, tout en conservant leur essence unique. Avec Myriad, leur objectif \u00e9tait de cr\u00e9er quelque chose qui conserve cette signature sonore propre \u00e0 il:lo, tout en s'aventurant davantage vers un son deep house plus dansant. \r\n\r\nL\u2019architecture qui figure sur les pochettes de Myriad et de ses singles est tout aussi essentielle au projet que la musique elle-m\u00eame. Pendant qu\u2019ils \u00e9changeaient leurs travaux, ils s'engageaient dans un processus d'\u00e9puration, \u00e9liminant le superflu pour ne conserver que les \u00e9l\u00e9ments les plus essentiels et \u00e9mouvants des morceaux. De mani\u00e8re similaire, l'architecture qui orne leurs pochettes est puissante par sa simplicit\u00e9, incitant \u00e0 la contempler sous un autre angle. R\u00e9duire les choses \u00e0 leur essence r\u00e9v\u00e8le souvent leur v\u00e9ritable puissance.","photo":2221,"instagram":"https:\/\/www.instagram.com\/illomusic\/","facebook":"https:\/\/www.facebook.com\/illosound","tiktok":"","youtube":"https:\/\/www.youtube.com\/c\/illomusic","spotify":"https:\/\/open.spotify.com\/artist\/0Upbj4hHk4d4UJ0HhnVs4F?si=dQjlc18IRayLURIruDRTEg","deezer":"","site_web":"https:\/\/www.illomusic.com\/"}],"lien_ticket_wait":""},"yoast_head":"<!-- This site is optimized with the Yoast SEO plugin v27.5 - https:\/\/yoast.com\/product\/yoast-seo-wordpress\/ -->\n<title><\/title>\n<meta name=\"robots\" content=\"index, follow, max-snippet:-1, max-image-preview:large, max-video-preview:-1\" \/>\n<link rel=\"canonical\" href=\"https:\/\/omconcerts.be\/concert\/parra-for-cuva\/\" \/>\n<meta property=\"og:locale\" content=\"nl_NL\" \/>\n<meta property=\"og:type\" content=\"article\" \/>\n<meta property=\"og:title\" content=\"[:fr]Parra for Cuva + il:lo[:] &#8226; OM concerts\" \/>\n<meta property=\"og:url\" content=\"https:\/\/omconcerts.be\/concert\/parra-for-cuva\/\" \/>\n<meta property=\"og:site_name\" content=\"OM concerts\" \/>\n<meta property=\"article:publisher\" content=\"https:\/\/www.facebook.com\/omconcerts.be\/\" \/>\n<meta property=\"article:modified_time\" content=\"2025-02-06T11:10:15+00:00\" \/>\n<meta property=\"og:image\" content=\"https:\/\/omconcerts.be\/wp-content\/uploads\/2023\/03\/partageOM.jpg\" \/>\n\t<meta property=\"og:image:width\" content=\"1200\" \/>\n\t<meta property=\"og:image:height\" content=\"630\" \/>\n\t<meta property=\"og:image:type\" content=\"image\/jpeg\" \/>\n<meta name=\"twitter:card\" content=\"summary_large_image\" \/>\n<!-- \/ Yoast SEO plugin. -->","yoast_head_json":{"title":"[:fr]Parra for Cuva + il:lo[:] &#8226; OM concerts","robots":{"index":"index","follow":"follow","max-snippet":"max-snippet:-1","max-image-preview":"max-image-preview:large","max-video-preview":"max-video-preview:-1"},"canonical":"https:\/\/omconcerts.be\/concert\/parra-for-cuva\/","og_locale":"nl_NL","og_type":"article","og_title":"[:fr]Parra for Cuva + il:lo[:] &#8226; OM concerts","og_url":"https:\/\/omconcerts.be\/concert\/parra-for-cuva\/","og_site_name":"OM concerts","article_publisher":"https:\/\/www.facebook.com\/omconcerts.be\/","article_modified_time":"2025-02-06T11:10:15+00:00","og_image":[{"width":1200,"height":630,"url":"https:\/\/omconcerts.be\/wp-content\/uploads\/2023\/03\/partageOM.jpg","type":"image\/jpeg"}],"twitter_card":"summary_large_image","schema":{"@context":"https:\/\/schema.org","@graph":[{"@type":"WebPage","@id":"https:\/\/omconcerts.be\/concert\/parra-for-cuva\/","url":"https:\/\/omconcerts.be\/concert\/parra-for-cuva\/","name":"[:fr]Parra for Cuva + il:lo[:] &#8226; OM concerts","isPartOf":{"@id":"https:\/\/omconcerts.be\/#website"},"datePublished":"2024-04-15T08:55:23+00:00","dateModified":"2025-02-06T11:10:15+00:00","breadcrumb":{"@id":"https:\/\/omconcerts.be\/concert\/parra-for-cuva\/#breadcrumb"},"inLanguage":"nl-NL","potentialAction":[{"@type":"ReadAction","target":["https:\/\/omconcerts.be\/concert\/parra-for-cuva\/"]}]},{"@type":"BreadcrumbList","@id":"https:\/\/omconcerts.be\/concert\/parra-for-cuva\/#breadcrumb","itemListElement":[{"@type":"ListItem","position":1,"name":"Accueil","item":"https:\/\/omconcerts.be\/"},{"@type":"ListItem","position":2,"name":"Concerts","item":"https:\/\/omconcerts.be\/agenda\/"},{"@type":"ListItem","position":3,"name":"Parra for Cuva + il:lo"}]},{"@type":"WebSite","@id":"https:\/\/omconcerts.be\/#website","url":"https:\/\/omconcerts.be\/","name":"OM concerts","description":"","publisher":{"@id":"https:\/\/omconcerts.be\/#organization"},"alternateName":"OM","potentialAction":[{"@type":"SearchAction","target":{"@type":"EntryPoint","urlTemplate":"https:\/\/omconcerts.be\/?s={search_term_string}"},"query-input":{"@type":"PropertyValueSpecification","valueRequired":true,"valueName":"search_term_string"}}],"inLanguage":"nl-NL"},{"@type":"Organization","@id":"https:\/\/omconcerts.be\/#organization","name":"OM concerts","alternateName":"OM","url":"https:\/\/omconcerts.be\/","logo":{"@type":"ImageObject","inLanguage":"nl-NL","@id":"https:\/\/omconcerts.be\/#\/schema\/logo\/image\/","url":"https:\/\/omconcerts.be\/wp-content\/uploads\/2023\/02\/cropped-OM_LOGO.png","contentUrl":"https:\/\/omconcerts.be\/wp-content\/uploads\/2023\/02\/cropped-OM_LOGO.png","width":512,"height":512,"caption":"OM concerts"},"image":{"@id":"https:\/\/omconcerts.be\/#\/schema\/logo\/image\/"},"sameAs":["https:\/\/www.facebook.com\/omconcerts.be\/"]}]}},"_links":{"self":[{"href":"https:\/\/omconcerts.be\/nl\/wp-json\/wp\/v2\/concert\/1485","targetHints":{"allow":["GET"]}}],"collection":[{"href":"https:\/\/omconcerts.be\/nl\/wp-json\/wp\/v2\/concert"}],"about":[{"href":"https:\/\/omconcerts.be\/nl\/wp-json\/wp\/v2\/types\/concert"}],"wp:attachment":[{"href":"https:\/\/omconcerts.be\/nl\/wp-json\/wp\/v2\/media?parent=1485"}],"wp:term":[{"taxonomy":"category","embeddable":true,"href":"https:\/\/omconcerts.be\/nl\/wp-json\/wp\/v2\/categories?post=1485"},{"taxonomy":"post_tag","embeddable":true,"href":"https:\/\/omconcerts.be\/nl\/wp-json\/wp\/v2\/tags?post=1485"}],"curies":[{"name":"wp","href":"https:\/\/api.w.org\/{rel}","templated":true}]}}

S'il y a un mot qui résume le son de Parra for Cuva, c'est "wanderlust". Ses musiques sont connues avant tout pour leur caractère mondial - un terrain magique où le steel drum des Caraïbes peut rencontrer un ancien instrument zimbabwéen sur des paysages sonores électroniques mélodiques qui emmènent immédiatement l'esprit vers des contrées lointaines. C'est ce sens de l'ouverture que le producteur électronique et multi-instrumentiste allemand a cultivé dès le début, et même si ses compétences deviennent de plus en plus raffinées et son son de plus en plus mature, la musique de Parra for Cuva conserve cette qualité d'errance étoilée à laquelle il est difficile de résister.Né en 1991, Nicolas Janco est fasciné par le son depuis son plus jeune âge. Son premier studio se trouvait dans sa chambre d'enfant à Northeim, une petite ville d'Allemagne, où deux haut-parleurs rudimentaires et un piano midi trônaient parmi ses jouets. Il a commencé son parcours musical par le piano classique, mais son enthousiasme l'a rapidement amené à s'intéresser au hip-hop, au jazz, à la pop et à l'indie. Et même lorsqu'il découvre la musique électronique, déménageant peu après à Berlin pour poursuivre ses études et sa carrière de producteur, son voyage avec différents instruments et langages musicaux ne fait que commencer. Aujourd'hui, dans son studio, la diversité des instruments - des cloches aux flûtes en passant par les kalimbas et les percussions de toutes sortes - montre à quel point Nicolas est un explorateur du son.Bien qu'il ait déjà gagné un public fidèle avec des singles qui ont cartonné et deux albums acclamés, Majouré (2014) et Darwîś (2016), c'est vraiment avec la sortie dePaspatou en 2018 que le nom de Parra for Cuva est devenu intrinsèquement lié à un sens de l'errance, et son style de production unique instantanément reconnaissable dans le monde entier. Intitulé d'après le majordome du Tour du monde en 80 jours de Jules Verne, Paspatou mélange des fieldrecordings et des samples, des modulations et des réverbérations triviales avec des segments où Nicolastinke avec un nouvel instrument ou un gadget dans un voyage plein d'émotions et de subtiles torsions. Paspatou a permis à Parra for Cuva de se faire une place unique en tant qu'artiste n'ayant pas peur de mélanger des expérimentations de pistes de danse avec des paysages sonores acoustiques et ethniques. Son quatrième album studio Juno, sorti en 2021, a poussé sa vision globale encore plus loin avec la participation de sept musiciens du monde entier, dont la plupart se sont rencontrés en ligne et ont travaillé à distance avec Nicolas. Juno a montré que la scène électronique berlinoise avait plus à offrir que de la hard electronica et de la techno. L'univers sonore de Juno était plus proche de la production de contemporains tels que Christian Löffler et Max Cooper, qui imprègnent leurs productions électroniques de sons analogiques chauds et souvent mélancoliques. Avec cet album, Parra for Cuva a montré qu'il était possible de créer des voyages qui se déroulent aussi bien sur le dancefloor qu'à la maison ou même sur la route.Parra for Cuva s'est produit dans certains des festivals les plus célèbres du monde et sur des scènes à guichets fermés comme Burning Man, Sziget, Fusion, Koko London ou Concourse Project à Austin.Sa musique a été utilisée comme bande originale de la série télévisée de Netflix, The Umbrella Academy et est ensuite entrée dans le top 30 des Shazam's Global Charts. En 2023, il a remixé Monolink'strack Turning Away et Odesza's Light of Day featuring Ólafur Arnalds. Son nouvel et quatrième album studio, Mimose, devrait sortir au printemps 2024. L'album poursuit l'exploration avide du son de Parra forCuva dans un voyage surprenant et sensible qui réunit des voix obsédantes, des chants de chœur, des lignes de basse groovy, des shakers induisant la transe et de nombreuses collaborations passionnantes.


[embed]https://youtu.be/UdXR1zpJ22Q?si=yMeUzvsQya9ZJF6I[/embed]

Formé il y a plus de dix ans à Prague, le duo Dejan Dejado et Andreas Schütz d'il:lo travaille au-delà des frontières, du temps et de l'espace (l'un vit à Berlin tandis que l'autre réside actuellement dans le sud de la France). Ils s’échangent des morceaux et des extraits jusqu’à ce qu’ils en soient satisfaits. 

Après Sloh en 2019, leurs récentes collaborations avec Anjunadeep (notamment l’EP Meliadi en 2021) et des tournées en soutien à Parra For Cuva, Stimming, Janus Rasmussen, CloZee et Zimmer, le duo présente sa dernière création : Myriad. Cet EP explore les limites et les attentes autour d’il:lo, tout en conservant leur essence unique. Avec Myriad, leur objectif était de créer quelque chose qui conserve cette signature sonore propre à il:lo, tout en s'aventurant davantage vers un son deep house plus dansant. 

L’architecture qui figure sur les pochettes de Myriad et de ses singles est tout aussi essentielle au projet que la musique elle-même. Pendant qu’ils échangeaient leurs travaux, ils s'engageaient dans un processus d'épuration, éliminant le superflu pour ne conserver que les éléments les plus essentiels et émouvants des morceaux. De manière similaire, l'architecture qui orne leurs pochettes est puissante par sa simplicité, incitant à la contempler sous un autre angle. Réduire les choses à leur essence révèle souvent leur véritable puissance.
