{"id":1644,"date":"2024-05-28T13:48:11","date_gmt":"2024-05-28T11:48:11","guid":{"rendered":"https:\/\/omconcerts.be\/?post_type=concert&#038;p=1644"},"modified":"2024-12-17T10:23:15","modified_gmt":"2024-12-17T09:23:15","slug":"ibrahim-maalouf","status":"publish","type":"concert","link":"https:\/\/omconcerts.be\/nl\/concert\/ibrahim-maalouf\/","title":{"rendered":"IBRAHIM MAALOUF"},"excerpt":{"rendered":"","protected":false},"template":"","meta":{"_acf_changed":false,"_crsspst_to_reflektorbe":true},"categories":[5],"tags":[63],"class_list":["post-1644","concert","type-concert","status-publish","hentry","category-om","tag-world-jazz"],"acf":{"image_apercu":"1645","image_a_la_une":"1646","date":"20241218","date_month":"decembre","url_du_ticket":"https:\/\/shop.paylogic.com\/44c354a27d2b4b41a7ea83fdc139c965\/","ticket_2":"","etat_des_tickets":"sold_out","prix":"","heure_ouvertures_de_portes":"19:00:00","heure_de_fin":"","contenu_concert":"","artiste":[{"nom":"Ibrahim Maalouf","horaire":"20:30:00","contenu":"Apr\u00e8s avoir obtenu une nomination tr\u00e8s convoit\u00e9e aux GRAMMY\u00ae\ufe0fAwards, sorti plusieurs albums de jazz, un album de hip-hop, et une 3e symphonie, Ibrahim Maalouf s'appr\u00eate une fois de plus \u00e0 s'aventurer sur un terrain de jeu qu'il n'avait pas encore explor\u00e9 : la musique \u00e9lectronique.\r\n\r\nDes sons produits en collaboration avec l'\u00e9lite de la sc\u00e8ne \u00e9lectro fran\u00e7aise se m\u00e9langeront avec le style d\u00e9sormais incontournable du musicien, mettant \u00e0 nouveau en jeu son engagement ind\u00e9fectible envers l'innovation musicale.\r\n\r\nIbrahim Maalouf a cr\u00e9\u00e9 un spectacle taill\u00e9 sur mesure pour les clubs, festivals \u00e9lectro et \u00e9lectro pop et pour tous ceux qui vivent pour chanter et danser.\r\n\r\n[embed]https:\/\/www.youtube.com\/watch?v=EY2CGLWpkuI[\/embed]","photo":"","instagram":"https:\/\/www.instagram.com\/ibrahimmaaloufofficial\/","facebook":"https:\/\/www.facebook.com\/ibrahim.maalouf","tiktok":"","youtube":"","spotify":"","deezer":"","site_web":""}],"lien_ticket_wait":""},"yoast_head":"<!-- This site is optimized with the Yoast SEO plugin v27.5 - https:\/\/yoast.com\/product\/yoast-seo-wordpress\/ -->\n<title><\/title>\n<meta name=\"robots\" content=\"index, follow, max-snippet:-1, max-image-preview:large, max-video-preview:-1\" \/>\n<link rel=\"canonical\" href=\"https:\/\/omconcerts.be\/concert\/ibrahim-maalouf\/\" \/>\n<meta property=\"og:locale\" content=\"nl_NL\" \/>\n<meta property=\"og:type\" content=\"article\" \/>\n<meta property=\"og:title\" content=\"[:fr]IBRAHIM MAALOUF[:] &#8226; OM concerts\" \/>\n<meta property=\"og:url\" content=\"https:\/\/omconcerts.be\/concert\/ibrahim-maalouf\/\" \/>\n<meta property=\"og:site_name\" content=\"OM concerts\" \/>\n<meta property=\"article:publisher\" content=\"https:\/\/www.facebook.com\/omconcerts.be\/\" \/>\n<meta property=\"article:modified_time\" content=\"2024-12-17T09:23:15+00:00\" \/>\n<meta property=\"og:image\" content=\"https:\/\/omconcerts.be\/wp-content\/uploads\/2023\/03\/partageOM.jpg\" \/>\n\t<meta property=\"og:image:width\" content=\"1200\" \/>\n\t<meta property=\"og:image:height\" content=\"630\" \/>\n\t<meta property=\"og:image:type\" content=\"image\/jpeg\" \/>\n<meta name=\"twitter:card\" content=\"summary_large_image\" \/>\n<!-- \/ Yoast SEO plugin. -->","yoast_head_json":{"title":"[:fr]IBRAHIM MAALOUF[:] &#8226; OM concerts","robots":{"index":"index","follow":"follow","max-snippet":"max-snippet:-1","max-image-preview":"max-image-preview:large","max-video-preview":"max-video-preview:-1"},"canonical":"https:\/\/omconcerts.be\/concert\/ibrahim-maalouf\/","og_locale":"nl_NL","og_type":"article","og_title":"[:fr]IBRAHIM MAALOUF[:] &#8226; OM concerts","og_url":"https:\/\/omconcerts.be\/concert\/ibrahim-maalouf\/","og_site_name":"OM concerts","article_publisher":"https:\/\/www.facebook.com\/omconcerts.be\/","article_modified_time":"2024-12-17T09:23:15+00:00","og_image":[{"width":1200,"height":630,"url":"https:\/\/omconcerts.be\/wp-content\/uploads\/2023\/03\/partageOM.jpg","type":"image\/jpeg"}],"twitter_card":"summary_large_image","schema":{"@context":"https:\/\/schema.org","@graph":[{"@type":"WebPage","@id":"https:\/\/omconcerts.be\/concert\/ibrahim-maalouf\/","url":"https:\/\/omconcerts.be\/concert\/ibrahim-maalouf\/","name":"[:fr]IBRAHIM MAALOUF[:] &#8226; OM concerts","isPartOf":{"@id":"https:\/\/omconcerts.be\/#website"},"datePublished":"2024-05-28T11:48:11+00:00","dateModified":"2024-12-17T09:23:15+00:00","breadcrumb":{"@id":"https:\/\/omconcerts.be\/concert\/ibrahim-maalouf\/#breadcrumb"},"inLanguage":"nl-NL","potentialAction":[{"@type":"ReadAction","target":["https:\/\/omconcerts.be\/concert\/ibrahim-maalouf\/"]}]},{"@type":"BreadcrumbList","@id":"https:\/\/omconcerts.be\/concert\/ibrahim-maalouf\/#breadcrumb","itemListElement":[{"@type":"ListItem","position":1,"name":"Accueil","item":"https:\/\/omconcerts.be\/"},{"@type":"ListItem","position":2,"name":"Concerts","item":"https:\/\/omconcerts.be\/agenda\/"},{"@type":"ListItem","position":3,"name":"IBRAHIM MAALOUF"}]},{"@type":"WebSite","@id":"https:\/\/omconcerts.be\/#website","url":"https:\/\/omconcerts.be\/","name":"OM concerts","description":"","publisher":{"@id":"https:\/\/omconcerts.be\/#organization"},"alternateName":"OM","potentialAction":[{"@type":"SearchAction","target":{"@type":"EntryPoint","urlTemplate":"https:\/\/omconcerts.be\/?s={search_term_string}"},"query-input":{"@type":"PropertyValueSpecification","valueRequired":true,"valueName":"search_term_string"}}],"inLanguage":"nl-NL"},{"@type":"Organization","@id":"https:\/\/omconcerts.be\/#organization","name":"OM concerts","alternateName":"OM","url":"https:\/\/omconcerts.be\/","logo":{"@type":"ImageObject","inLanguage":"nl-NL","@id":"https:\/\/omconcerts.be\/#\/schema\/logo\/image\/","url":"https:\/\/omconcerts.be\/wp-content\/uploads\/2023\/02\/cropped-OM_LOGO.png","contentUrl":"https:\/\/omconcerts.be\/wp-content\/uploads\/2023\/02\/cropped-OM_LOGO.png","width":512,"height":512,"caption":"OM concerts"},"image":{"@id":"https:\/\/omconcerts.be\/#\/schema\/logo\/image\/"},"sameAs":["https:\/\/www.facebook.com\/omconcerts.be\/"]}]}},"_links":{"self":[{"href":"https:\/\/omconcerts.be\/nl\/wp-json\/wp\/v2\/concert\/1644","targetHints":{"allow":["GET"]}}],"collection":[{"href":"https:\/\/omconcerts.be\/nl\/wp-json\/wp\/v2\/concert"}],"about":[{"href":"https:\/\/omconcerts.be\/nl\/wp-json\/wp\/v2\/types\/concert"}],"wp:attachment":[{"href":"https:\/\/omconcerts.be\/nl\/wp-json\/wp\/v2\/media?parent=1644"}],"wp:term":[{"taxonomy":"category","embeddable":true,"href":"https:\/\/omconcerts.be\/nl\/wp-json\/wp\/v2\/categories?post=1644"},{"taxonomy":"post_tag","embeddable":true,"href":"https:\/\/omconcerts.be\/nl\/wp-json\/wp\/v2\/tags?post=1644"}],"curies":[{"name":"wp","href":"https:\/\/api.w.org\/{rel}","templated":true}]}}

Après avoir obtenu une nomination très convoitée aux GRAMMY®️Awards, sorti plusieurs albums de jazz, un album de hip-hop, et une 3e symphonie, Ibrahim Maalouf s'apprête une fois de plus à s'aventurer sur un terrain de jeu qu'il n'avait pas encore exploré : la musique électronique.

Des sons produits en collaboration avec l'élite de la scène électro française se mélangeront avec le style désormais incontournable du musicien, mettant à nouveau en jeu son engagement indéfectible envers l'innovation musicale.

Ibrahim Maalouf a créé un spectacle taillé sur mesure pour les clubs, festivals électro et électro pop et pour tous ceux qui vivent pour chanter et danser.

[embed]https://www.youtube.com/watch?v=EY2CGLWpkuI[/embed]
