{"id":1832,"date":"2024-09-04T10:53:57","date_gmt":"2024-09-04T08:53:57","guid":{"rendered":"https:\/\/omconcerts.be\/?post_type=concert&#038;p=1832"},"modified":"2024-09-21T21:32:37","modified_gmt":"2024-09-21T19:32:37","slug":"amlou-release-party-bini","status":"publish","type":"concert","link":"https:\/\/omconcerts.be\/nl\/concert\/amlou-release-party-bini\/","title":{"rendered":"AMLOU Release Party + BINI"},"excerpt":{"rendered":"","protected":false},"template":"","meta":{"_acf_changed":false,"_crsspst_to_reflektorbe":true},"categories":[6],"tags":[63],"class_list":["post-1832","concert","type-concert","status-publish","hentry","category-reflektor","tag-world-jazz"],"acf":{"image_apercu":"1840","image_a_la_une":"1841","date":"20240926","date_month":"septembre","url_du_ticket":"","ticket_2":"","etat_des_tickets":"gratuit","prix":"","heure_ouvertures_de_portes":"19:30:00","heure_de_fin":"","contenu_concert":"<strong>Dans le cadre des F\u00eates de la F\u00e9d\u00e9ration Wallonie-Bruxelles<\/strong>","artiste":[{"nom":"Amlou","horaire":"","contenu":"AMLOU est un duo instrumental cr\u00e9\u00e9 en 2021 entre les mains d\u2019Antoine Dawans (trompette et clavier) et Mohamed Dziri (guitare). N\u00e9 de leur complicit\u00e9 \u00e9vidente, le projet r\u00e9v\u00e8le des notes minimalistes et chaleureuses, d\u00e9livre des m\u00e9lodies attachantes et cisel\u00e9es. Un cocon r\u00e9confortant aux nombreuses inspirations puis\u00e9es essentiellement dans la chanson, la soul et le jazz, rendant le duo tout aussi singulier qu'inclassable.\r\n \r\nApr\u00e8s un 1er EP \u00ab Beige \u00bb sorti en 2023, et laur\u00e9at du concours Sph\u00e8res Sonores en cat\u00e9gorie jazz, le duo entre en studio pour enregistrer \u00ab CASA \u00bb, un premier album qui verra le jour le 26 septembre prochain \u00e0 l\u2019occasion d\u2019une Release Party au Reflektor. Un album tr\u00e8s personnel et intimiste o\u00f9 les deux musiciens se d\u00e9voilent un peu plus.\r\n \r\n[embed]https:\/\/youtu.be\/IycixbFGf34?si=7LlaaHgqCpMv7HPd[\/embed]","photo":"","instagram":"https:\/\/www.instagram.com\/amlou_music\/","facebook":"","tiktok":"","youtube":"","spotify":"","deezer":"","site_web":""},{"nom":"BINI","horaire":"","contenu":"Bini est une adepte de la chanson fran\u00e7aise \u00e0 l'ancienne, celle qui voyage entre th\u00e9\u00e2tre, musique et po\u00e9sie. La voix presque nue, si ce n\u2019\u00e9tait pour une guitare serr\u00e9e contre un c\u0153ur qui aurait tendance \u00e0 d\u00e9border, elle chante la beaut\u00e9 qui ne s\u2019aime pas, la laideur de ce qu\u2019on voudrait beau, la pluie, l\u2019espoir et les allumettes.\r\n\r\n[embed]https:\/\/www.youtube.com\/watch?v=8bLQenzhNeQ[\/embed]","photo":"","instagram":"","facebook":"","tiktok":"","youtube":"","spotify":"","deezer":"","site_web":""}],"lien_ticket_wait":""},"yoast_head":"<!-- This site is optimized with the Yoast SEO plugin v27.5 - https:\/\/yoast.com\/product\/yoast-seo-wordpress\/ -->\n<title><\/title>\n<meta name=\"robots\" content=\"index, follow, max-snippet:-1, max-image-preview:large, max-video-preview:-1\" \/>\n<link rel=\"canonical\" href=\"https:\/\/omconcerts.be\/concert\/amlou-release-party-bini\/\" \/>\n<meta property=\"og:locale\" content=\"nl_NL\" \/>\n<meta property=\"og:type\" content=\"article\" \/>\n<meta property=\"og:title\" content=\"[:fr]AMLOU Release Party + BINI[:] &#8226; OM concerts\" \/>\n<meta property=\"og:url\" content=\"https:\/\/omconcerts.be\/concert\/amlou-release-party-bini\/\" \/>\n<meta property=\"og:site_name\" content=\"OM concerts\" \/>\n<meta property=\"article:publisher\" content=\"https:\/\/www.facebook.com\/omconcerts.be\/\" \/>\n<meta property=\"article:modified_time\" content=\"2024-09-21T19:32:37+00:00\" \/>\n<meta property=\"og:image\" content=\"https:\/\/omconcerts.be\/wp-content\/uploads\/2023\/03\/partageOM.jpg\" \/>\n\t<meta property=\"og:image:width\" content=\"1200\" \/>\n\t<meta property=\"og:image:height\" content=\"630\" \/>\n\t<meta property=\"og:image:type\" content=\"image\/jpeg\" \/>\n<meta name=\"twitter:card\" content=\"summary_large_image\" \/>\n<!-- \/ Yoast SEO plugin. -->","yoast_head_json":{"title":"[:fr]AMLOU Release Party + BINI[:] &#8226; OM concerts","robots":{"index":"index","follow":"follow","max-snippet":"max-snippet:-1","max-image-preview":"max-image-preview:large","max-video-preview":"max-video-preview:-1"},"canonical":"https:\/\/omconcerts.be\/concert\/amlou-release-party-bini\/","og_locale":"nl_NL","og_type":"article","og_title":"[:fr]AMLOU Release Party + BINI[:] &#8226; OM concerts","og_url":"https:\/\/omconcerts.be\/concert\/amlou-release-party-bini\/","og_site_name":"OM concerts","article_publisher":"https:\/\/www.facebook.com\/omconcerts.be\/","article_modified_time":"2024-09-21T19:32:37+00:00","og_image":[{"width":1200,"height":630,"url":"https:\/\/omconcerts.be\/wp-content\/uploads\/2023\/03\/partageOM.jpg","type":"image\/jpeg"}],"twitter_card":"summary_large_image","schema":{"@context":"https:\/\/schema.org","@graph":[{"@type":"WebPage","@id":"https:\/\/omconcerts.be\/concert\/amlou-release-party-bini\/","url":"https:\/\/omconcerts.be\/concert\/amlou-release-party-bini\/","name":"[:fr]AMLOU Release Party + BINI[:] &#8226; OM concerts","isPartOf":{"@id":"https:\/\/omconcerts.be\/#website"},"datePublished":"2024-09-04T08:53:57+00:00","dateModified":"2024-09-21T19:32:37+00:00","breadcrumb":{"@id":"https:\/\/omconcerts.be\/concert\/amlou-release-party-bini\/#breadcrumb"},"inLanguage":"nl-NL","potentialAction":[{"@type":"ReadAction","target":["https:\/\/omconcerts.be\/concert\/amlou-release-party-bini\/"]}]},{"@type":"BreadcrumbList","@id":"https:\/\/omconcerts.be\/concert\/amlou-release-party-bini\/#breadcrumb","itemListElement":[{"@type":"ListItem","position":1,"name":"Accueil","item":"https:\/\/omconcerts.be\/"},{"@type":"ListItem","position":2,"name":"Concerts","item":"https:\/\/omconcerts.be\/agenda\/"},{"@type":"ListItem","position":3,"name":"AMLOU Release Party + BINI"}]},{"@type":"WebSite","@id":"https:\/\/omconcerts.be\/#website","url":"https:\/\/omconcerts.be\/","name":"OM concerts","description":"","publisher":{"@id":"https:\/\/omconcerts.be\/#organization"},"alternateName":"OM","potentialAction":[{"@type":"SearchAction","target":{"@type":"EntryPoint","urlTemplate":"https:\/\/omconcerts.be\/?s={search_term_string}"},"query-input":{"@type":"PropertyValueSpecification","valueRequired":true,"valueName":"search_term_string"}}],"inLanguage":"nl-NL"},{"@type":"Organization","@id":"https:\/\/omconcerts.be\/#organization","name":"OM concerts","alternateName":"OM","url":"https:\/\/omconcerts.be\/","logo":{"@type":"ImageObject","inLanguage":"nl-NL","@id":"https:\/\/omconcerts.be\/#\/schema\/logo\/image\/","url":"https:\/\/omconcerts.be\/wp-content\/uploads\/2023\/02\/cropped-OM_LOGO.png","contentUrl":"https:\/\/omconcerts.be\/wp-content\/uploads\/2023\/02\/cropped-OM_LOGO.png","width":512,"height":512,"caption":"OM concerts"},"image":{"@id":"https:\/\/omconcerts.be\/#\/schema\/logo\/image\/"},"sameAs":["https:\/\/www.facebook.com\/omconcerts.be\/"]}]}},"_links":{"self":[{"href":"https:\/\/omconcerts.be\/nl\/wp-json\/wp\/v2\/concert\/1832","targetHints":{"allow":["GET"]}}],"collection":[{"href":"https:\/\/omconcerts.be\/nl\/wp-json\/wp\/v2\/concert"}],"about":[{"href":"https:\/\/omconcerts.be\/nl\/wp-json\/wp\/v2\/types\/concert"}],"wp:attachment":[{"href":"https:\/\/omconcerts.be\/nl\/wp-json\/wp\/v2\/media?parent=1832"}],"wp:term":[{"taxonomy":"category","embeddable":true,"href":"https:\/\/omconcerts.be\/nl\/wp-json\/wp\/v2\/categories?post=1832"},{"taxonomy":"post_tag","embeddable":true,"href":"https:\/\/omconcerts.be\/nl\/wp-json\/wp\/v2\/tags?post=1832"}],"curies":[{"name":"wp","href":"https:\/\/api.w.org\/{rel}","templated":true}]}}

<strong>Dans le cadre des Fêtes de la Fédération Wallonie-Bruxelles</strong>

AMLOU est un duo instrumental créé en 2021 entre les mains d’Antoine Dawans (trompette et clavier) et Mohamed Dziri (guitare). Né de leur complicité évidente, le projet révèle des notes minimalistes et chaleureuses, délivre des mélodies attachantes et ciselées. Un cocon réconfortant aux nombreuses inspirations puisées essentiellement dans la chanson, la soul et le jazz, rendant le duo tout aussi singulier qu'inclassable.
 
Après un 1er EP « Beige » sorti en 2023, et lauréat du concours Sphères Sonores en catégorie jazz, le duo entre en studio pour enregistrer « CASA », un premier album qui verra le jour le 26 septembre prochain à l’occasion d’une Release Party au Reflektor. Un album très personnel et intimiste où les deux musiciens se dévoilent un peu plus.
 
[embed]https://youtu.be/IycixbFGf34?si=7LlaaHgqCpMv7HPd[/embed]

Bini est une adepte de la chanson française à l'ancienne, celle qui voyage entre théâtre, musique et poésie. La voix presque nue, si ce n’était pour une guitare serrée contre un cœur qui aurait tendance à déborder, elle chante la beauté qui ne s’aime pas, la laideur de ce qu’on voudrait beau, la pluie, l’espoir et les allumettes.

[embed]https://www.youtube.com/watch?v=8bLQenzhNeQ[/embed]
