{"id":1876,"date":"2024-09-16T12:18:45","date_gmt":"2024-09-16T10:18:45","guid":{"rendered":"https:\/\/omconcerts.be\/?post_type=concert&#038;p=1876"},"modified":"2024-10-04T16:29:31","modified_gmt":"2024-10-04T14:29:31","slug":"us-the-mob","status":"publish","type":"concert","link":"https:\/\/omconcerts.be\/nl\/concert\/us-the-mob\/","title":{"rendered":"US THE MOB"},"excerpt":{"rendered":"","protected":false},"template":"","meta":{"_acf_changed":false,"_crsspst_to_reflektorbe":true},"categories":[6],"tags":[66],"class_list":["post-1876","concert","type-concert","status-publish","hentry","category-reflektor","tag-hiphop"],"acf":{"image_apercu":"1878","image_a_la_une":"1879","date":"20240928","date_month":"septembre","url_du_ticket":"","ticket_2":"","etat_des_tickets":"tickets","prix":"SUR PLACE","heure_ouvertures_de_portes":"22:00:00","heure_de_fin":"","contenu_concert":"Us est un mouvement, un collectif, un mob, qui pr\u00f4ne la cr\u00e9ativit\u00e9 &amp; le partage.\r\n\r\nLe mob veut prendre part \u00e0 l\u2019activit\u00e9 culturelle li\u00e9geoise.\r\nPour se faire, nous avons mis en place quatre p\u00f4les d\u2019activit\u00e9s afin d\u2019apporter notre \u00e9nergie et nos valeurs dans le paysage culturel.\r\n\r\nLa \u00ab US Party \u00bb est n\u00e9e de l\u2019envie de r\u00e9unir les diff\u00e9rentes communaut\u00e9s de Li\u00e8ge et d\u2019ailleurs.\r\nLe but est de raviver la flamme de la cit\u00e9 ardente via un panel de musiques pour offrir une v\u00e9ritable exp\u00e9rience musicale qui vous fera vibrer tout au long de la soir\u00e9e.\r\n\r\nPour cette \u00e9dition, les 100 premi\u00e8res entr\u00e9es seront gratuites, les 150 suivantes \u00e0 5\u20ac ensuite \u00e0 10\u20ac.","artiste":null,"lien_ticket_wait":""},"yoast_head":"<!-- This site is optimized with the Yoast SEO plugin v27.5 - https:\/\/yoast.com\/product\/yoast-seo-wordpress\/ -->\n<title><\/title>\n<meta name=\"robots\" content=\"index, follow, max-snippet:-1, max-image-preview:large, max-video-preview:-1\" \/>\n<link rel=\"canonical\" href=\"https:\/\/omconcerts.be\/concert\/us-the-mob\/\" \/>\n<meta property=\"og:locale\" content=\"nl_NL\" \/>\n<meta property=\"og:type\" content=\"article\" \/>\n<meta property=\"og:title\" content=\"[:fr]US THE MOB [:] &#8226; OM concerts\" \/>\n<meta property=\"og:url\" content=\"https:\/\/omconcerts.be\/concert\/us-the-mob\/\" \/>\n<meta property=\"og:site_name\" content=\"OM concerts\" \/>\n<meta property=\"article:publisher\" content=\"https:\/\/www.facebook.com\/omconcerts.be\/\" \/>\n<meta property=\"article:modified_time\" content=\"2024-10-04T14:29:31+00:00\" \/>\n<meta property=\"og:image\" content=\"https:\/\/omconcerts.be\/wp-content\/uploads\/2023\/03\/partageOM.jpg\" \/>\n\t<meta property=\"og:image:width\" content=\"1200\" \/>\n\t<meta property=\"og:image:height\" content=\"630\" \/>\n\t<meta property=\"og:image:type\" content=\"image\/jpeg\" \/>\n<meta name=\"twitter:card\" content=\"summary_large_image\" \/>\n<!-- \/ Yoast SEO plugin. -->","yoast_head_json":{"title":"[:fr]US THE MOB [:] &#8226; OM concerts","robots":{"index":"index","follow":"follow","max-snippet":"max-snippet:-1","max-image-preview":"max-image-preview:large","max-video-preview":"max-video-preview:-1"},"canonical":"https:\/\/omconcerts.be\/concert\/us-the-mob\/","og_locale":"nl_NL","og_type":"article","og_title":"[:fr]US THE MOB [:] &#8226; OM concerts","og_url":"https:\/\/omconcerts.be\/concert\/us-the-mob\/","og_site_name":"OM concerts","article_publisher":"https:\/\/www.facebook.com\/omconcerts.be\/","article_modified_time":"2024-10-04T14:29:31+00:00","og_image":[{"width":1200,"height":630,"url":"https:\/\/omconcerts.be\/wp-content\/uploads\/2023\/03\/partageOM.jpg","type":"image\/jpeg"}],"twitter_card":"summary_large_image","schema":{"@context":"https:\/\/schema.org","@graph":[{"@type":"WebPage","@id":"https:\/\/omconcerts.be\/concert\/us-the-mob\/","url":"https:\/\/omconcerts.be\/concert\/us-the-mob\/","name":"[:fr]US THE MOB [:] &#8226; OM concerts","isPartOf":{"@id":"https:\/\/omconcerts.be\/#website"},"datePublished":"2024-09-16T10:18:45+00:00","dateModified":"2024-10-04T14:29:31+00:00","breadcrumb":{"@id":"https:\/\/omconcerts.be\/concert\/us-the-mob\/#breadcrumb"},"inLanguage":"nl-NL","potentialAction":[{"@type":"ReadAction","target":["https:\/\/omconcerts.be\/concert\/us-the-mob\/"]}]},{"@type":"BreadcrumbList","@id":"https:\/\/omconcerts.be\/concert\/us-the-mob\/#breadcrumb","itemListElement":[{"@type":"ListItem","position":1,"name":"Accueil","item":"https:\/\/omconcerts.be\/"},{"@type":"ListItem","position":2,"name":"Concerts","item":"https:\/\/omconcerts.be\/agenda\/"},{"@type":"ListItem","position":3,"name":"US THE MOB"}]},{"@type":"WebSite","@id":"https:\/\/omconcerts.be\/#website","url":"https:\/\/omconcerts.be\/","name":"OM concerts","description":"","publisher":{"@id":"https:\/\/omconcerts.be\/#organization"},"alternateName":"OM","potentialAction":[{"@type":"SearchAction","target":{"@type":"EntryPoint","urlTemplate":"https:\/\/omconcerts.be\/?s={search_term_string}"},"query-input":{"@type":"PropertyValueSpecification","valueRequired":true,"valueName":"search_term_string"}}],"inLanguage":"nl-NL"},{"@type":"Organization","@id":"https:\/\/omconcerts.be\/#organization","name":"OM concerts","alternateName":"OM","url":"https:\/\/omconcerts.be\/","logo":{"@type":"ImageObject","inLanguage":"nl-NL","@id":"https:\/\/omconcerts.be\/#\/schema\/logo\/image\/","url":"https:\/\/omconcerts.be\/wp-content\/uploads\/2023\/02\/cropped-OM_LOGO.png","contentUrl":"https:\/\/omconcerts.be\/wp-content\/uploads\/2023\/02\/cropped-OM_LOGO.png","width":512,"height":512,"caption":"OM concerts"},"image":{"@id":"https:\/\/omconcerts.be\/#\/schema\/logo\/image\/"},"sameAs":["https:\/\/www.facebook.com\/omconcerts.be\/"]}]}},"_links":{"self":[{"href":"https:\/\/omconcerts.be\/nl\/wp-json\/wp\/v2\/concert\/1876","targetHints":{"allow":["GET"]}}],"collection":[{"href":"https:\/\/omconcerts.be\/nl\/wp-json\/wp\/v2\/concert"}],"about":[{"href":"https:\/\/omconcerts.be\/nl\/wp-json\/wp\/v2\/types\/concert"}],"wp:attachment":[{"href":"https:\/\/omconcerts.be\/nl\/wp-json\/wp\/v2\/media?parent=1876"}],"wp:term":[{"taxonomy":"category","embeddable":true,"href":"https:\/\/omconcerts.be\/nl\/wp-json\/wp\/v2\/categories?post=1876"},{"taxonomy":"post_tag","embeddable":true,"href":"https:\/\/omconcerts.be\/nl\/wp-json\/wp\/v2\/tags?post=1876"}],"curies":[{"name":"wp","href":"https:\/\/api.w.org\/{rel}","templated":true}]}}

Us est un mouvement, un collectif, un mob, qui prône la créativité &amp; le partage.

Le mob veut prendre part à l’activité culturelle liégeoise.
Pour se faire, nous avons mis en place quatre pôles d’activités afin d’apporter notre énergie et nos valeurs dans le paysage culturel.

La « US Party » est née de l’envie de réunir les différentes communautés de Liège et d’ailleurs.
Le but est de raviver la flamme de la cité ardente via un panel de musiques pour offrir une véritable expérience musicale qui vous fera vibrer tout au long de la soirée.

Pour cette édition, les 100 premières entrées seront gratuites, les 150 suivantes à 5€ ensuite à 10€.
