{"id":346,"date":"2023-03-24T11:32:43","date_gmt":"2023-03-24T10:32:43","guid":{"rendered":"https:\/\/omconcerts.be\/?post_type=concert&#038;p=346"},"modified":"2023-08-04T10:04:23","modified_gmt":"2023-08-04T08:04:23","slug":"cloudie-release-party-zori","status":"publish","type":"concert","link":"https:\/\/omconcerts.be\/nl\/concert\/cloudie-release-party-zori\/","title":{"rendered":"Cloudie *Release Party* + Zori"},"excerpt":{"rendered":"<p class=\"qtranxs-available-languages-message qtranxs-available-languages-message-nl\">Onze verontschuldigingen, dit bericht is alleen beschikbaar in het <a href=\"https:\/\/omconcerts.be\/fr\/wp-json\/wp\/v2\/concert\/346\" class=\"qtranxs-available-language-link qtranxs-available-language-link-fr\" title=\"FR\">FR<\/a>.<\/p>\n","protected":false},"template":"","meta":{"_acf_changed":false,"_crsspst_to_reflektorbe":true},"categories":[6],"tags":[18,7,11],"class_list":["post-346","concert","type-concert","status-publish","hentry","category-reflektor","tag-french-urban","tag-pop","tag-rb"],"acf":{"image_apercu":"347","image_a_la_une":"347","date":"20230406","date_month":"avril","url_du_ticket":"https:\/\/shop.paylogic.com\/d029329fa059485abd6aea289e3487c0","ticket_2":"","etat_des_tickets":"tickets","prix":"10,50\u20ac","heure_ouvertures_de_portes":"19:30:00","heure_de_fin":null,"contenu_concert":"","artiste":[{"nom":"cloudie","horaire":"","contenu":"La t\u00eate dans les nuages, Cloudie vous invite dans son univers color\u00e9 et r\u00eaveur. Mais ne vous m\u00e9prenez pas : son monde n'est pas tout rose ! Derri\u00e8re sa musique enjou\u00e9e, aux touches de nostalgie, cette jeune artiste belge de 25 ans aborde des sujets tels que l\u2019anxi\u00e9t\u00e9, la vie de couple, le d\u00e9sir ou encore, le deuil. Cloudie trouve sa place dans une pop francophone, aux notes urbaines et de vari\u00e9t\u00e9.\r\n\r\nAuteure, compositrice et interpr\u00e8te, cette artiste li\u00e9geoise sait o\u00f9 elle va et ne laisse rien au hasard en cr\u00e9ant un univers tant sonore que visuel. Apr\u00e8s un premier single \u201cOn va o\u00f9 ?\u201d sorti en septembre 2022, Cloudie vous d\u00e9voile le 24 mars, son premier EP : Alter ego. Un EP concept de 7 titres, dans lequel chaque chanson repr\u00e9sente une facette sp\u00e9cifique de sa personnalit\u00e9. De l\u2019amour \u00e0 la col\u00e8re, de la tristesse \u00e0 la sensualit\u00e9, Cloudie vous pr\u00e9sente les diff\u00e9rents alter ego qui cohabitent dans sa t\u00eate.","photo":347,"instagram":"https:\/\/www.instagram.com\/cloudie.music\/","facebook":"https:\/\/www.facebook.com\/cloudie.musicc","tiktok":"","youtube":"","spotify":"","deezer":"","site_web":""},{"nom":"ZORI","horaire":"","contenu":"D\u00e9couvrez Zori, un artiste singulier \u00e0 la crois\u00e9e de la pop et de la musique \u00e9lectronique. Influenc\u00e9 par la musique des ann\u00e9es 80, l\u2019indie-pop et les couleurs pastels, ses productions atmosph\u00e9riques transportent l'auditeur dans l'espace, l'infiniment vaste. C'est l\u00e0, parmi les \u00e9toiles, que Zori trouve l'inspiration, compose, produit et \u00e9crit ses chansons.\r\n\r\nZori explore des th\u00e8mes tels que l'amour, la d\u00e9pendance, le rapport \u00e0 l'autre et \u00e0 soi-m\u00eame, cherchant \u00e0 susciter des \u00e9motions chez ses auditeurs par son approche sinc\u00e8re de la musique\r\n\r\nIl est anim\u00e9 par un d\u00e9sir d'innovation dans la sc\u00e8ne musicale urbaine fran\u00e7aise et est d\u00e9termin\u00e9 \u00e0 apporter du changement.","photo":363,"instagram":"https:\/\/www.instagram.com\/zori_lfr\/","facebook":"https:\/\/www.facebook.com\/zori4000","tiktok":"","youtube":"","spotify":"","deezer":"","site_web":""}],"lien_ticket_wait":""},"yoast_head":"<!-- This site is optimized with the Yoast SEO plugin v27.5 - https:\/\/yoast.com\/product\/yoast-seo-wordpress\/ -->\n<title><\/title>\n<meta name=\"robots\" content=\"index, follow, max-snippet:-1, max-image-preview:large, max-video-preview:-1\" \/>\n<link rel=\"canonical\" href=\"https:\/\/omconcerts.be\/concert\/cloudie-release-party-zori\/\" \/>\n<meta property=\"og:locale\" content=\"nl_NL\" \/>\n<meta property=\"og:type\" content=\"article\" \/>\n<meta property=\"og:title\" content=\"[:fr]Cloudie *Release Party* + Zori[:] &#8226; OM concerts\" \/>\n<meta property=\"og:description\" content=\"[:fr]La t\u00eate dans les nuages, Cloudie vous invite dans son univers color\u00e9 et r\u00eaveur. Mais ne vous m\u00e9prenez pas : son monde n&#039;est pas tout rose ! Derri\u00e8re sa musique enjou\u00e9e...[:]\" \/>\n<meta property=\"og:url\" content=\"https:\/\/omconcerts.be\/concert\/cloudie-release-party-zori\/\" \/>\n<meta property=\"og:site_name\" content=\"OM concerts\" \/>\n<meta property=\"article:publisher\" content=\"https:\/\/www.facebook.com\/omconcerts.be\/\" \/>\n<meta property=\"article:modified_time\" content=\"2023-08-04T08:04:23+00:00\" \/>\n<meta property=\"og:image\" content=\"https:\/\/omconcerts.be\/wp-content\/uploads\/2023\/03\/partageOM.jpg\" \/>\n\t<meta property=\"og:image:width\" content=\"1200\" \/>\n\t<meta property=\"og:image:height\" content=\"630\" \/>\n\t<meta property=\"og:image:type\" content=\"image\/jpeg\" \/>\n<meta name=\"twitter:card\" content=\"summary_large_image\" \/>\n<!-- \/ Yoast SEO plugin. -->","yoast_head_json":{"title":"[:fr]Cloudie *Release Party* + Zori[:] &#8226; OM concerts","robots":{"index":"index","follow":"follow","max-snippet":"max-snippet:-1","max-image-preview":"max-image-preview:large","max-video-preview":"max-video-preview:-1"},"canonical":"https:\/\/omconcerts.be\/concert\/cloudie-release-party-zori\/","og_locale":"nl_NL","og_type":"article","og_title":"[:fr]Cloudie *Release Party* + Zori[:] &#8226; OM concerts","og_description":"[:fr]La t\u00eate dans les nuages, Cloudie vous invite dans son univers color\u00e9 et r\u00eaveur. Mais ne vous m\u00e9prenez pas : son monde n'est pas tout rose ! Derri\u00e8re sa musique enjou\u00e9e...[:]","og_url":"https:\/\/omconcerts.be\/concert\/cloudie-release-party-zori\/","og_site_name":"OM concerts","article_publisher":"https:\/\/www.facebook.com\/omconcerts.be\/","article_modified_time":"2023-08-04T08:04:23+00:00","og_image":[{"width":1200,"height":630,"url":"https:\/\/omconcerts.be\/wp-content\/uploads\/2023\/03\/partageOM.jpg","type":"image\/jpeg"}],"twitter_card":"summary_large_image","schema":{"@context":"https:\/\/schema.org","@graph":[{"@type":"WebPage","@id":"https:\/\/omconcerts.be\/concert\/cloudie-release-party-zori\/","url":"https:\/\/omconcerts.be\/concert\/cloudie-release-party-zori\/","name":"[:fr]Cloudie *Release Party* + Zori[:] &#8226; OM concerts","isPartOf":{"@id":"https:\/\/omconcerts.be\/#website"},"datePublished":"2023-03-24T10:32:43+00:00","dateModified":"2023-08-04T08:04:23+00:00","breadcrumb":{"@id":"https:\/\/omconcerts.be\/concert\/cloudie-release-party-zori\/#breadcrumb"},"inLanguage":"nl-NL","potentialAction":[{"@type":"ReadAction","target":["https:\/\/omconcerts.be\/concert\/cloudie-release-party-zori\/"]}]},{"@type":"BreadcrumbList","@id":"https:\/\/omconcerts.be\/concert\/cloudie-release-party-zori\/#breadcrumb","itemListElement":[{"@type":"ListItem","position":1,"name":"Accueil","item":"https:\/\/omconcerts.be\/"},{"@type":"ListItem","position":2,"name":"Concerts","item":"https:\/\/omconcerts.be\/agenda\/"},{"@type":"ListItem","position":3,"name":"Cloudie *Release Party* + Zori"}]},{"@type":"WebSite","@id":"https:\/\/omconcerts.be\/#website","url":"https:\/\/omconcerts.be\/","name":"OM concerts","description":"","publisher":{"@id":"https:\/\/omconcerts.be\/#organization"},"alternateName":"OM","potentialAction":[{"@type":"SearchAction","target":{"@type":"EntryPoint","urlTemplate":"https:\/\/omconcerts.be\/?s={search_term_string}"},"query-input":{"@type":"PropertyValueSpecification","valueRequired":true,"valueName":"search_term_string"}}],"inLanguage":"nl-NL"},{"@type":"Organization","@id":"https:\/\/omconcerts.be\/#organization","name":"OM concerts","alternateName":"OM","url":"https:\/\/omconcerts.be\/","logo":{"@type":"ImageObject","inLanguage":"nl-NL","@id":"https:\/\/omconcerts.be\/#\/schema\/logo\/image\/","url":"https:\/\/omconcerts.be\/wp-content\/uploads\/2023\/02\/cropped-OM_LOGO.png","contentUrl":"https:\/\/omconcerts.be\/wp-content\/uploads\/2023\/02\/cropped-OM_LOGO.png","width":512,"height":512,"caption":"OM concerts"},"image":{"@id":"https:\/\/omconcerts.be\/#\/schema\/logo\/image\/"},"sameAs":["https:\/\/www.facebook.com\/omconcerts.be\/"]}]}},"_links":{"self":[{"href":"https:\/\/omconcerts.be\/nl\/wp-json\/wp\/v2\/concert\/346","targetHints":{"allow":["GET"]}}],"collection":[{"href":"https:\/\/omconcerts.be\/nl\/wp-json\/wp\/v2\/concert"}],"about":[{"href":"https:\/\/omconcerts.be\/nl\/wp-json\/wp\/v2\/types\/concert"}],"wp:attachment":[{"href":"https:\/\/omconcerts.be\/nl\/wp-json\/wp\/v2\/media?parent=346"}],"wp:term":[{"taxonomy":"category","embeddable":true,"href":"https:\/\/omconcerts.be\/nl\/wp-json\/wp\/v2\/categories?post=346"},{"taxonomy":"post_tag","embeddable":true,"href":"https:\/\/omconcerts.be\/nl\/wp-json\/wp\/v2\/tags?post=346"}],"curies":[{"name":"wp","href":"https:\/\/api.w.org\/{rel}","templated":true}]}}

La tête dans les nuages, Cloudie vous invite dans son univers coloré et rêveur. Mais ne vous méprenez pas : son monde n'est pas tout rose ! Derrière sa musique enjouée, aux touches de nostalgie, cette jeune artiste belge de 25 ans aborde des sujets tels que l’anxiété, la vie de couple, le désir ou encore, le deuil. Cloudie trouve sa place dans une pop francophone, aux notes urbaines et de variété.

Auteure, compositrice et interprète, cette artiste liégeoise sait où elle va et ne laisse rien au hasard en créant un univers tant sonore que visuel. Après un premier single “On va où ?” sorti en septembre 2022, Cloudie vous dévoile le 24 mars, son premier EP : Alter ego. Un EP concept de 7 titres, dans lequel chaque chanson représente une facette spécifique de sa personnalité. De l’amour à la colère, de la tristesse à la sensualité, Cloudie vous présente les différents alter ego qui cohabitent dans sa tête.

Découvrez Zori, un artiste singulier à la croisée de la pop et de la musique électronique. Influencé par la musique des années 80, l’indie-pop et les couleurs pastels, ses productions atmosphériques transportent l'auditeur dans l'espace, l'infiniment vaste. C'est là, parmi les étoiles, que Zori trouve l'inspiration, compose, produit et écrit ses chansons.

Zori explore des thèmes tels que l'amour, la dépendance, le rapport à l'autre et à soi-même, cherchant à susciter des émotions chez ses auditeurs par son approche sincère de la musique

Il est animé par un désir d'innovation dans la scène musicale urbaine française et est déterminé à apporter du changement.

<!-- This site is optimized with the Yoast SEO plugin v27.5 - https://yoast.com/product/yoast-seo-wordpress/ -->
<title></title>
<meta name="robots" content="index, follow, max-snippet:-1, max-image-preview:large, max-video-preview:-1" />
<link rel="canonical" href="https://omconcerts.be/concert/cloudie-release-party-zori/" />
<meta property="og:locale" content="nl_NL" />
<meta property="og:type" content="article" />
<meta property="og:title" content="[:fr]Cloudie *Release Party* + Zori[:] &#8226; OM concerts" />
<meta property="og:description" content="[:fr]La tête dans les nuages, Cloudie vous invite dans son univers coloré et rêveur. Mais ne vous méprenez pas : son monde n&#039;est pas tout rose ! Derrière sa musique enjouée...[:]" />
<meta property="og:url" content="https://omconcerts.be/concert/cloudie-release-party-zori/" />
<meta property="og:site_name" content="OM concerts" />
<meta property="article:publisher" content="https://www.facebook.com/omconcerts.be/" />
<meta property="article:modified_time" content="2023-08-04T08:04:23+00:00" />
<meta property="og:image" content="https://omconcerts.be/wp-content/uploads/2023/03/partageOM.jpg" />
	<meta property="og:image:width" content="1200" />
	<meta property="og:image:height" content="630" />
	<meta property="og:image:type" content="image/jpeg" />
<meta name="twitter:card" content="summary_large_image" />
<!-- / Yoast SEO plugin. -->

[:fr]La tête dans les nuages, Cloudie vous invite dans son univers coloré et rêveur. Mais ne vous méprenez pas : son monde n'est pas tout rose ! Derrière sa musique enjouée...[:]
