{"id":382,"date":"2023-03-24T16:01:44","date_gmt":"2023-03-24T15:01:44","guid":{"rendered":"https:\/\/omconcerts.be\/?post_type=concert&#038;p=382"},"modified":"2023-08-04T10:13:27","modified_gmt":"2023-08-04T08:13:27","slug":"ico","status":"publish","type":"concert","link":"https:\/\/omconcerts.be\/nl\/concert\/ico\/","title":{"rendered":"ICO"},"excerpt":{"rendered":"<p class=\"qtranxs-available-languages-message qtranxs-available-languages-message-nl\">Onze verontschuldigingen, dit bericht is alleen beschikbaar in het <a href=\"https:\/\/omconcerts.be\/fr\/wp-json\/wp\/v2\/concert\/382\" class=\"qtranxs-available-language-link qtranxs-available-language-link-fr\" title=\"FR\">FR<\/a>.<\/p>\n","protected":false},"template":"","meta":{"_acf_changed":false,"_crsspst_to_reflektorbe":true},"categories":[6],"tags":[10],"class_list":["post-382","concert","type-concert","status-publish","hentry","category-reflektor","tag-rap"],"acf":{"image_apercu":"383","image_a_la_une":"383","date":"20230413","date_month":"avril","url_du_ticket":"https:\/\/shop.paylogic.com\/c1d08eccfd05451587ee594309d3797f\/","ticket_2":"","etat_des_tickets":"tickets","prix":"22\u20ac","heure_ouvertures_de_portes":"","heure_de_fin":null,"contenu_concert":"","artiste":[{"nom":"ICO","horaire":"","contenu":"ICO est un auteur et beatmakeur bruxellois confirm\u00e9.Depuis ses d\u00e9buts en 2018, et au fil des ann\u00e9es, ses projets musicaux innovants lui ont permis de cr\u00e9er un engouement et un lien particulier avec son public gr\u00e2ce \u00e0 un style oscillant entre humour et ego trip.\r\n\r\nApr\u00e8s avoir sorti sa s\u00e9rie de morceaux Capsules s\u2019entourant notamment de Caballero &amp; JeanJass et Just Riadh, ICO franchit le cap de l\u2019album en proposant Petit Con distribu\u00e9 par Believe en novembre 2019.\r\n\r\nCet opus d\u00e9clin\u00e9 en live permet \u00e0 ICO de rencontrer son public dans toute la France et en Belgique avec notamment en f\u00e9vrier2020 une date \u00e0 La Cigale de Paris et une Ancienne Belgique compl\u00e8te \u00e0 Bruxelles.\r\n\r\nEn 2021, ICO revient avec quatre titres fra\u00eechement enregistr\u00e9s et clip\u00e9s, et un nouveau format : les \u00abUber Banger\u00bb qui rappellent l\u2019\u00e9nergie de ses d\u00e9buts.","photo":383,"instagram":"https:\/\/www.instagram.com\/icosqua\/","facebook":"https:\/\/www.facebook.com\/ICOSQUA","tiktok":"","youtube":"https:\/\/www.youtube.com\/watch?v=Ym7lAECltuc","spotify":"","deezer":"","site_web":""}],"lien_ticket_wait":""},"yoast_head":"<!-- This site is optimized with the Yoast SEO plugin v27.5 - https:\/\/yoast.com\/product\/yoast-seo-wordpress\/ -->\n<title><\/title>\n<meta name=\"robots\" content=\"index, follow, max-snippet:-1, max-image-preview:large, max-video-preview:-1\" \/>\n<link rel=\"canonical\" href=\"https:\/\/omconcerts.be\/concert\/ico\/\" \/>\n<meta property=\"og:locale\" content=\"nl_NL\" \/>\n<meta property=\"og:type\" content=\"article\" \/>\n<meta property=\"og:title\" content=\"[:fr]ICO[:] &#8226; OM concerts\" \/>\n<meta property=\"og:description\" content=\"[:fr]ICO est un auteur et beatmakeur bruxellois confirm\u00e9.Depuis ses d\u00e9buts en 2018, et au fil des ann\u00e9es, ses projets musicaux innovants lui ont permis de cr\u00e9er un engouement et un lien particulier avec...[:]\" \/>\n<meta property=\"og:url\" content=\"https:\/\/omconcerts.be\/concert\/ico\/\" \/>\n<meta property=\"og:site_name\" content=\"OM concerts\" \/>\n<meta property=\"article:publisher\" content=\"https:\/\/www.facebook.com\/omconcerts.be\/\" \/>\n<meta property=\"article:modified_time\" content=\"2023-08-04T08:13:27+00:00\" \/>\n<meta property=\"og:image\" content=\"https:\/\/omconcerts.be\/wp-content\/uploads\/2023\/03\/partageOM.jpg\" \/>\n\t<meta property=\"og:image:width\" content=\"1200\" \/>\n\t<meta property=\"og:image:height\" content=\"630\" \/>\n\t<meta property=\"og:image:type\" content=\"image\/jpeg\" \/>\n<meta name=\"twitter:card\" content=\"summary_large_image\" \/>\n<!-- \/ Yoast SEO plugin. -->","yoast_head_json":{"title":"[:fr]ICO[:] &#8226; OM concerts","robots":{"index":"index","follow":"follow","max-snippet":"max-snippet:-1","max-image-preview":"max-image-preview:large","max-video-preview":"max-video-preview:-1"},"canonical":"https:\/\/omconcerts.be\/concert\/ico\/","og_locale":"nl_NL","og_type":"article","og_title":"[:fr]ICO[:] &#8226; OM concerts","og_description":"[:fr]ICO est un auteur et beatmakeur bruxellois confirm\u00e9.Depuis ses d\u00e9buts en 2018, et au fil des ann\u00e9es, ses projets musicaux innovants lui ont permis de cr\u00e9er un engouement et un lien particulier avec...[:]","og_url":"https:\/\/omconcerts.be\/concert\/ico\/","og_site_name":"OM concerts","article_publisher":"https:\/\/www.facebook.com\/omconcerts.be\/","article_modified_time":"2023-08-04T08:13:27+00:00","og_image":[{"width":1200,"height":630,"url":"https:\/\/omconcerts.be\/wp-content\/uploads\/2023\/03\/partageOM.jpg","type":"image\/jpeg"}],"twitter_card":"summary_large_image","schema":{"@context":"https:\/\/schema.org","@graph":[{"@type":"WebPage","@id":"https:\/\/omconcerts.be\/concert\/ico\/","url":"https:\/\/omconcerts.be\/concert\/ico\/","name":"[:fr]ICO[:] &#8226; OM concerts","isPartOf":{"@id":"https:\/\/omconcerts.be\/#website"},"datePublished":"2023-03-24T15:01:44+00:00","dateModified":"2023-08-04T08:13:27+00:00","breadcrumb":{"@id":"https:\/\/omconcerts.be\/concert\/ico\/#breadcrumb"},"inLanguage":"nl-NL","potentialAction":[{"@type":"ReadAction","target":["https:\/\/omconcerts.be\/concert\/ico\/"]}]},{"@type":"BreadcrumbList","@id":"https:\/\/omconcerts.be\/concert\/ico\/#breadcrumb","itemListElement":[{"@type":"ListItem","position":1,"name":"Accueil","item":"https:\/\/omconcerts.be\/"},{"@type":"ListItem","position":2,"name":"Concerts","item":"https:\/\/omconcerts.be\/agenda\/"},{"@type":"ListItem","position":3,"name":"ICO"}]},{"@type":"WebSite","@id":"https:\/\/omconcerts.be\/#website","url":"https:\/\/omconcerts.be\/","name":"OM concerts","description":"","publisher":{"@id":"https:\/\/omconcerts.be\/#organization"},"alternateName":"OM","potentialAction":[{"@type":"SearchAction","target":{"@type":"EntryPoint","urlTemplate":"https:\/\/omconcerts.be\/?s={search_term_string}"},"query-input":{"@type":"PropertyValueSpecification","valueRequired":true,"valueName":"search_term_string"}}],"inLanguage":"nl-NL"},{"@type":"Organization","@id":"https:\/\/omconcerts.be\/#organization","name":"OM concerts","alternateName":"OM","url":"https:\/\/omconcerts.be\/","logo":{"@type":"ImageObject","inLanguage":"nl-NL","@id":"https:\/\/omconcerts.be\/#\/schema\/logo\/image\/","url":"https:\/\/omconcerts.be\/wp-content\/uploads\/2023\/02\/cropped-OM_LOGO.png","contentUrl":"https:\/\/omconcerts.be\/wp-content\/uploads\/2023\/02\/cropped-OM_LOGO.png","width":512,"height":512,"caption":"OM concerts"},"image":{"@id":"https:\/\/omconcerts.be\/#\/schema\/logo\/image\/"},"sameAs":["https:\/\/www.facebook.com\/omconcerts.be\/"]}]}},"_links":{"self":[{"href":"https:\/\/omconcerts.be\/nl\/wp-json\/wp\/v2\/concert\/382","targetHints":{"allow":["GET"]}}],"collection":[{"href":"https:\/\/omconcerts.be\/nl\/wp-json\/wp\/v2\/concert"}],"about":[{"href":"https:\/\/omconcerts.be\/nl\/wp-json\/wp\/v2\/types\/concert"}],"wp:attachment":[{"href":"https:\/\/omconcerts.be\/nl\/wp-json\/wp\/v2\/media?parent=382"}],"wp:term":[{"taxonomy":"category","embeddable":true,"href":"https:\/\/omconcerts.be\/nl\/wp-json\/wp\/v2\/categories?post=382"},{"taxonomy":"post_tag","embeddable":true,"href":"https:\/\/omconcerts.be\/nl\/wp-json\/wp\/v2\/tags?post=382"}],"curies":[{"name":"wp","href":"https:\/\/api.w.org\/{rel}","templated":true}]}}

ICO est un auteur et beatmakeur bruxellois confirmé.Depuis ses débuts en 2018, et au fil des années, ses projets musicaux innovants lui ont permis de créer un engouement et un lien particulier avec son public grâce à un style oscillant entre humour et ego trip.

Après avoir sorti sa série de morceaux Capsules s’entourant notamment de Caballero &amp; JeanJass et Just Riadh, ICO franchit le cap de l’album en proposant Petit Con distribué par Believe en novembre 2019.

Cet opus décliné en live permet à ICO de rencontrer son public dans toute la France et en Belgique avec notamment en février2020 une date à La Cigale de Paris et une Ancienne Belgique complète à Bruxelles.

En 2021, ICO revient avec quatre titres fraîchement enregistrés et clipés, et un nouveau format : les «Uber Banger» qui rappellent l’énergie de ses débuts.

<!-- This site is optimized with the Yoast SEO plugin v27.5 - https://yoast.com/product/yoast-seo-wordpress/ -->
<title></title>
<meta name="robots" content="index, follow, max-snippet:-1, max-image-preview:large, max-video-preview:-1" />
<link rel="canonical" href="https://omconcerts.be/concert/ico/" />
<meta property="og:locale" content="nl_NL" />
<meta property="og:type" content="article" />
<meta property="og:title" content="[:fr]ICO[:] &#8226; OM concerts" />
<meta property="og:description" content="[:fr]ICO est un auteur et beatmakeur bruxellois confirmé.Depuis ses débuts en 2018, et au fil des années, ses projets musicaux innovants lui ont permis de créer un engouement et un lien particulier avec...[:]" />
<meta property="og:url" content="https://omconcerts.be/concert/ico/" />
<meta property="og:site_name" content="OM concerts" />
<meta property="article:publisher" content="https://www.facebook.com/omconcerts.be/" />
<meta property="article:modified_time" content="2023-08-04T08:13:27+00:00" />
<meta property="og:image" content="https://omconcerts.be/wp-content/uploads/2023/03/partageOM.jpg" />
	<meta property="og:image:width" content="1200" />
	<meta property="og:image:height" content="630" />
	<meta property="og:image:type" content="image/jpeg" />
<meta name="twitter:card" content="summary_large_image" />
<!-- / Yoast SEO plugin. -->

[:fr]ICO est un auteur et beatmakeur bruxellois confirmé.Depuis ses débuts en 2018, et au fil des années, ses projets musicaux innovants lui ont permis de créer un engouement et un lien particulier avec...[:]
