{"id":462,"date":"2023-03-26T01:56:23","date_gmt":"2023-03-26T00:56:23","guid":{"rendered":"https:\/\/omconcerts.be\/?post_type=concert&#038;p=462"},"modified":"2023-08-04T10:49:40","modified_gmt":"2023-08-04T08:49:40","slug":"avishai-cohen-trio-au-forum-pour-le-jazz-a-liege","status":"publish","type":"concert","link":"https:\/\/omconcerts.be\/nl\/concert\/avishai-cohen-trio-au-forum-pour-le-jazz-a-liege\/","title":{"rendered":"AVISHAI COHEN TRIO AU FORUM POUR LE JAZZ \u00c0 LI\u00c8GE"},"excerpt":{"rendered":"","protected":false},"template":"","meta":{"_acf_changed":false,"_crsspst_to_reflektorbe":true},"categories":[6],"tags":[26],"class_list":["post-462","concert","type-concert","status-publish","hentry","category-reflektor","tag-jazz"],"acf":{"image_apercu":"463","image_a_la_une":"463","date":"20230527","date_month":"mai","url_du_ticket":"https:\/\/shop.utick.be\/?pos=LEFORUM&module=ACTIVITYSERIEDETAILS&s=67139E49-C468-5049-9B71-9B8A72728D4C","ticket_2":"","etat_des_tickets":"tickets","prix":"43\u20ac","heure_ouvertures_de_portes":"19:30:00","heure_de_fin":null,"contenu_concert":"","artiste":[{"nom":"AVISHAI COHEN TRIO","horaire":"","contenu":"Line up:\r\nAvishai Cohen - double bass, vocals\r\nGuy Moskovich - piano\r\nRoni Kaspi - drums\r\n\r\nSur l\u2019album Shifting Sands, sorti en juin 2022, le contrebassiste isra\u00e9lien revient \u00e0 une formation classique en trio. Avec l\u2019impressionant pianiste Guy Moskovich, et la fabuleuse batteur Roni Kapsi (21 ans), Cohen a trouv\u00e9 les sparring partners id\u00e9aux pour porter son jazz m\u00e9lodieux \u00e0 des sommets in\u00e9dits. Pas \u00e9tonnant que l\u2019album ait \u00e9t\u00e9 couvert de louanges.\r\n\r\nL\u2019ancien collaborateur de Chick Corea, Mark Guiliana et Seamus Blake est, aujourd\u2019hui, lui-m\u00eame reconnu comme un poids lourd du jazz. Pilier de la sc\u00e8ne depuis 25 ans, Cohen signe avec cet opus un nouveau chapitre de sa carri\u00e8re.\r\n\r\nAttendez-vous \u00e0 une soir\u00e9e musicale passionnante, o\u00f9 le plaisir et la virtuosit\u00e9 jailliront de la sc\u00e8ne.","photo":463,"instagram":"https:\/\/www.instagram.com\/avishaicohenmusic\/","facebook":"https:\/\/www.facebook.com\/AvishaiCohenMusic","tiktok":"","youtube":"https:\/\/www.youtube.com\/@AvishaiCohenMusic","spotify":"","deezer":"","site_web":""}],"lien_ticket_wait":""},"yoast_head":"<!-- This site is optimized with the Yoast SEO plugin v27.5 - https:\/\/yoast.com\/product\/yoast-seo-wordpress\/ -->\n<title><\/title>\n<meta name=\"robots\" content=\"index, follow, max-snippet:-1, max-image-preview:large, max-video-preview:-1\" \/>\n<link rel=\"canonical\" href=\"https:\/\/omconcerts.be\/concert\/avishai-cohen-trio-au-forum-pour-le-jazz-a-liege\/\" \/>\n<meta property=\"og:locale\" content=\"nl_NL\" \/>\n<meta property=\"og:type\" content=\"article\" \/>\n<meta property=\"og:title\" content=\"[:fr]AVISHAI COHEN TRIO AU FORUM POUR LE JAZZ \u00c0 LI\u00c8GE[:] &#8226; OM concerts\" \/>\n<meta property=\"og:url\" content=\"https:\/\/omconcerts.be\/concert\/avishai-cohen-trio-au-forum-pour-le-jazz-a-liege\/\" \/>\n<meta property=\"og:site_name\" content=\"OM concerts\" \/>\n<meta property=\"article:publisher\" content=\"https:\/\/www.facebook.com\/omconcerts.be\/\" \/>\n<meta property=\"article:modified_time\" content=\"2023-08-04T08:49:40+00:00\" \/>\n<meta property=\"og:image\" content=\"https:\/\/omconcerts.be\/wp-content\/uploads\/2023\/03\/partageOM.jpg\" \/>\n\t<meta property=\"og:image:width\" content=\"1200\" \/>\n\t<meta property=\"og:image:height\" content=\"630\" \/>\n\t<meta property=\"og:image:type\" content=\"image\/jpeg\" \/>\n<meta name=\"twitter:card\" content=\"summary_large_image\" \/>\n<!-- \/ Yoast SEO plugin. -->","yoast_head_json":{"title":"[:fr]AVISHAI COHEN TRIO AU FORUM POUR LE JAZZ \u00c0 LI\u00c8GE[:] &#8226; OM concerts","robots":{"index":"index","follow":"follow","max-snippet":"max-snippet:-1","max-image-preview":"max-image-preview:large","max-video-preview":"max-video-preview:-1"},"canonical":"https:\/\/omconcerts.be\/concert\/avishai-cohen-trio-au-forum-pour-le-jazz-a-liege\/","og_locale":"nl_NL","og_type":"article","og_title":"[:fr]AVISHAI COHEN TRIO AU FORUM POUR LE JAZZ \u00c0 LI\u00c8GE[:] &#8226; OM concerts","og_url":"https:\/\/omconcerts.be\/concert\/avishai-cohen-trio-au-forum-pour-le-jazz-a-liege\/","og_site_name":"OM concerts","article_publisher":"https:\/\/www.facebook.com\/omconcerts.be\/","article_modified_time":"2023-08-04T08:49:40+00:00","og_image":[{"width":1200,"height":630,"url":"https:\/\/omconcerts.be\/wp-content\/uploads\/2023\/03\/partageOM.jpg","type":"image\/jpeg"}],"twitter_card":"summary_large_image","schema":{"@context":"https:\/\/schema.org","@graph":[{"@type":"WebPage","@id":"https:\/\/omconcerts.be\/concert\/avishai-cohen-trio-au-forum-pour-le-jazz-a-liege\/","url":"https:\/\/omconcerts.be\/concert\/avishai-cohen-trio-au-forum-pour-le-jazz-a-liege\/","name":"[:fr]AVISHAI COHEN TRIO AU FORUM POUR LE JAZZ \u00c0 LI\u00c8GE[:] &#8226; OM concerts","isPartOf":{"@id":"https:\/\/omconcerts.be\/#website"},"datePublished":"2023-03-26T00:56:23+00:00","dateModified":"2023-08-04T08:49:40+00:00","breadcrumb":{"@id":"https:\/\/omconcerts.be\/concert\/avishai-cohen-trio-au-forum-pour-le-jazz-a-liege\/#breadcrumb"},"inLanguage":"nl-NL","potentialAction":[{"@type":"ReadAction","target":["https:\/\/omconcerts.be\/concert\/avishai-cohen-trio-au-forum-pour-le-jazz-a-liege\/"]}]},{"@type":"BreadcrumbList","@id":"https:\/\/omconcerts.be\/concert\/avishai-cohen-trio-au-forum-pour-le-jazz-a-liege\/#breadcrumb","itemListElement":[{"@type":"ListItem","position":1,"name":"Accueil","item":"https:\/\/omconcerts.be\/"},{"@type":"ListItem","position":2,"name":"Concerts","item":"https:\/\/omconcerts.be\/agenda\/"},{"@type":"ListItem","position":3,"name":"AVISHAI COHEN TRIO AU FORUM POUR LE JAZZ \u00c0 LI\u00c8GE"}]},{"@type":"WebSite","@id":"https:\/\/omconcerts.be\/#website","url":"https:\/\/omconcerts.be\/","name":"OM concerts","description":"","publisher":{"@id":"https:\/\/omconcerts.be\/#organization"},"alternateName":"OM","potentialAction":[{"@type":"SearchAction","target":{"@type":"EntryPoint","urlTemplate":"https:\/\/omconcerts.be\/?s={search_term_string}"},"query-input":{"@type":"PropertyValueSpecification","valueRequired":true,"valueName":"search_term_string"}}],"inLanguage":"nl-NL"},{"@type":"Organization","@id":"https:\/\/omconcerts.be\/#organization","name":"OM concerts","alternateName":"OM","url":"https:\/\/omconcerts.be\/","logo":{"@type":"ImageObject","inLanguage":"nl-NL","@id":"https:\/\/omconcerts.be\/#\/schema\/logo\/image\/","url":"https:\/\/omconcerts.be\/wp-content\/uploads\/2023\/02\/cropped-OM_LOGO.png","contentUrl":"https:\/\/omconcerts.be\/wp-content\/uploads\/2023\/02\/cropped-OM_LOGO.png","width":512,"height":512,"caption":"OM concerts"},"image":{"@id":"https:\/\/omconcerts.be\/#\/schema\/logo\/image\/"},"sameAs":["https:\/\/www.facebook.com\/omconcerts.be\/"]}]}},"_links":{"self":[{"href":"https:\/\/omconcerts.be\/nl\/wp-json\/wp\/v2\/concert\/462","targetHints":{"allow":["GET"]}}],"collection":[{"href":"https:\/\/omconcerts.be\/nl\/wp-json\/wp\/v2\/concert"}],"about":[{"href":"https:\/\/omconcerts.be\/nl\/wp-json\/wp\/v2\/types\/concert"}],"wp:attachment":[{"href":"https:\/\/omconcerts.be\/nl\/wp-json\/wp\/v2\/media?parent=462"}],"wp:term":[{"taxonomy":"category","embeddable":true,"href":"https:\/\/omconcerts.be\/nl\/wp-json\/wp\/v2\/categories?post=462"},{"taxonomy":"post_tag","embeddable":true,"href":"https:\/\/omconcerts.be\/nl\/wp-json\/wp\/v2\/tags?post=462"}],"curies":[{"name":"wp","href":"https:\/\/api.w.org\/{rel}","templated":true}]}}

AVISHAI COHEN TRIO AU FORUM POUR LE JAZZ À LIÈGE

Line up:
Avishai Cohen - double bass, vocals
Guy Moskovich - piano
Roni Kaspi - drums

Sur l’album Shifting Sands, sorti en juin 2022, le contrebassiste israélien revient à une formation classique en trio. Avec l’impressionant pianiste Guy Moskovich, et la fabuleuse batteur Roni Kapsi (21 ans), Cohen a trouvé les sparring partners idéaux pour porter son jazz mélodieux à des sommets inédits. Pas étonnant que l’album ait été couvert de louanges.

L’ancien collaborateur de Chick Corea, Mark Guiliana et Seamus Blake est, aujourd’hui, lui-même reconnu comme un poids lourd du jazz. Pilier de la scène depuis 25 ans, Cohen signe avec cet opus un nouveau chapitre de sa carrière.

Attendez-vous à une soirée musicale passionnante, où le plaisir et la virtuosité jailliront de la scène.

<!-- This site is optimized with the Yoast SEO plugin v27.5 - https://yoast.com/product/yoast-seo-wordpress/ -->
<title></title>
<meta name="robots" content="index, follow, max-snippet:-1, max-image-preview:large, max-video-preview:-1" />
<link rel="canonical" href="https://omconcerts.be/concert/avishai-cohen-trio-au-forum-pour-le-jazz-a-liege/" />
<meta property="og:locale" content="nl_NL" />
<meta property="og:type" content="article" />
<meta property="og:title" content="[:fr]AVISHAI COHEN TRIO AU FORUM POUR LE JAZZ À LIÈGE[:] &#8226; OM concerts" />
<meta property="og:url" content="https://omconcerts.be/concert/avishai-cohen-trio-au-forum-pour-le-jazz-a-liege/" />
<meta property="og:site_name" content="OM concerts" />
<meta property="article:publisher" content="https://www.facebook.com/omconcerts.be/" />
<meta property="article:modified_time" content="2023-08-04T08:49:40+00:00" />
<meta property="og:image" content="https://omconcerts.be/wp-content/uploads/2023/03/partageOM.jpg" />
	<meta property="og:image:width" content="1200" />
	<meta property="og:image:height" content="630" />
	<meta property="og:image:type" content="image/jpeg" />
<meta name="twitter:card" content="summary_large_image" />
<!-- / Yoast SEO plugin. -->

[:fr]AVISHAI COHEN TRIO AU FORUM POUR LE JAZZ À LIÈGE[:] &#8226; OM concerts
