{"id":599,"date":"2023-04-19T20:24:23","date_gmt":"2023-04-19T18:24:23","guid":{"rendered":"https:\/\/omconcerts.be\/?post_type=concert&#038;p=599"},"modified":"2023-08-04T11:34:14","modified_gmt":"2023-08-04T09:34:14","slug":"le-retour-du-piano-bar","status":"publish","type":"concert","link":"https:\/\/omconcerts.be\/nl\/concert\/le-retour-du-piano-bar\/","title":{"rendered":"Le retour du PIANO BAR"},"excerpt":{"rendered":"","protected":false},"template":"","meta":{"_acf_changed":false,"_crsspst_to_reflektorbe":true},"categories":[6],"tags":[],"class_list":["post-599","concert","type-concert","status-publish","hentry","category-reflektor"],"acf":{"image_apercu":"600","image_a_la_une":"600","date":"20230518","date_month":"mai","url_du_ticket":"http:\/\/www.reflektor.be","ticket_2":"","etat_des_tickets":"tickets","prix":"3\u20ac","heure_ouvertures_de_portes":"19:30:00","heure_de_fin":null,"contenu_concert":"Johan Dupont et David Sikivie vous attendent pour le grand retour de leur Piano Bar \u00e0 la maison !\r\nJOHAN DUPONT ET DAVID SIKIVIE\r\nJohan Dupont et David Sikivie pr\u00e9sentent le Piano Bar du Reflektor.\r\nLaissez aller votre imagination et mettez le pianiste (Johan) et le chanteur (David) au d\u00e9fi de vous interpr\u00e9ter les m\u00e9lodies de votre choix : des morceaux classiques, contemporains, musiques de films, jingles,\u2026 ou bien, laissez-vous aller \u00e0 pousser vous-m\u00eame la chansonette accompagn\u00e9 au piano !\r\nUn moment musical unique pour une soir\u00e9e hors du commun.\r\nEntr\u00e9e 3 \u20ac aux portes.","artiste":null,"lien_ticket_wait":""},"yoast_head":"<!-- This site is optimized with the Yoast SEO plugin v27.5 - https:\/\/yoast.com\/product\/yoast-seo-wordpress\/ -->\n<title><\/title>\n<meta name=\"robots\" content=\"index, follow, max-snippet:-1, max-image-preview:large, max-video-preview:-1\" \/>\n<link rel=\"canonical\" href=\"https:\/\/omconcerts.be\/concert\/le-retour-du-piano-bar\/\" \/>\n<meta property=\"og:locale\" content=\"nl_NL\" \/>\n<meta property=\"og:type\" content=\"article\" \/>\n<meta property=\"og:title\" content=\"[:fr]Le retour du PIANO BAR[:] &#8226; OM concerts\" \/>\n<meta property=\"og:url\" content=\"https:\/\/omconcerts.be\/concert\/le-retour-du-piano-bar\/\" \/>\n<meta property=\"og:site_name\" content=\"OM concerts\" \/>\n<meta property=\"article:publisher\" content=\"https:\/\/www.facebook.com\/omconcerts.be\/\" \/>\n<meta property=\"article:modified_time\" content=\"2023-08-04T09:34:14+00:00\" \/>\n<meta property=\"og:image\" content=\"https:\/\/omconcerts.be\/wp-content\/uploads\/2023\/03\/partageOM.jpg\" \/>\n\t<meta property=\"og:image:width\" content=\"1200\" \/>\n\t<meta property=\"og:image:height\" content=\"630\" \/>\n\t<meta property=\"og:image:type\" content=\"image\/jpeg\" \/>\n<meta name=\"twitter:card\" content=\"summary_large_image\" \/>\n<!-- \/ Yoast SEO plugin. -->","yoast_head_json":{"title":"[:fr]Le retour du PIANO BAR[:] &#8226; OM concerts","robots":{"index":"index","follow":"follow","max-snippet":"max-snippet:-1","max-image-preview":"max-image-preview:large","max-video-preview":"max-video-preview:-1"},"canonical":"https:\/\/omconcerts.be\/concert\/le-retour-du-piano-bar\/","og_locale":"nl_NL","og_type":"article","og_title":"[:fr]Le retour du PIANO BAR[:] &#8226; OM concerts","og_url":"https:\/\/omconcerts.be\/concert\/le-retour-du-piano-bar\/","og_site_name":"OM concerts","article_publisher":"https:\/\/www.facebook.com\/omconcerts.be\/","article_modified_time":"2023-08-04T09:34:14+00:00","og_image":[{"width":1200,"height":630,"url":"https:\/\/omconcerts.be\/wp-content\/uploads\/2023\/03\/partageOM.jpg","type":"image\/jpeg"}],"twitter_card":"summary_large_image","schema":{"@context":"https:\/\/schema.org","@graph":[{"@type":"WebPage","@id":"https:\/\/omconcerts.be\/concert\/le-retour-du-piano-bar\/","url":"https:\/\/omconcerts.be\/concert\/le-retour-du-piano-bar\/","name":"[:fr]Le retour du PIANO BAR[:] &#8226; OM concerts","isPartOf":{"@id":"https:\/\/omconcerts.be\/#website"},"datePublished":"2023-04-19T18:24:23+00:00","dateModified":"2023-08-04T09:34:14+00:00","breadcrumb":{"@id":"https:\/\/omconcerts.be\/concert\/le-retour-du-piano-bar\/#breadcrumb"},"inLanguage":"nl-NL","potentialAction":[{"@type":"ReadAction","target":["https:\/\/omconcerts.be\/concert\/le-retour-du-piano-bar\/"]}]},{"@type":"BreadcrumbList","@id":"https:\/\/omconcerts.be\/concert\/le-retour-du-piano-bar\/#breadcrumb","itemListElement":[{"@type":"ListItem","position":1,"name":"Accueil","item":"https:\/\/omconcerts.be\/"},{"@type":"ListItem","position":2,"name":"Concerts","item":"https:\/\/omconcerts.be\/agenda\/"},{"@type":"ListItem","position":3,"name":"Le retour du PIANO BAR"}]},{"@type":"WebSite","@id":"https:\/\/omconcerts.be\/#website","url":"https:\/\/omconcerts.be\/","name":"OM concerts","description":"","publisher":{"@id":"https:\/\/omconcerts.be\/#organization"},"alternateName":"OM","potentialAction":[{"@type":"SearchAction","target":{"@type":"EntryPoint","urlTemplate":"https:\/\/omconcerts.be\/?s={search_term_string}"},"query-input":{"@type":"PropertyValueSpecification","valueRequired":true,"valueName":"search_term_string"}}],"inLanguage":"nl-NL"},{"@type":"Organization","@id":"https:\/\/omconcerts.be\/#organization","name":"OM concerts","alternateName":"OM","url":"https:\/\/omconcerts.be\/","logo":{"@type":"ImageObject","inLanguage":"nl-NL","@id":"https:\/\/omconcerts.be\/#\/schema\/logo\/image\/","url":"https:\/\/omconcerts.be\/wp-content\/uploads\/2023\/02\/cropped-OM_LOGO.png","contentUrl":"https:\/\/omconcerts.be\/wp-content\/uploads\/2023\/02\/cropped-OM_LOGO.png","width":512,"height":512,"caption":"OM concerts"},"image":{"@id":"https:\/\/omconcerts.be\/#\/schema\/logo\/image\/"},"sameAs":["https:\/\/www.facebook.com\/omconcerts.be\/"]}]}},"_links":{"self":[{"href":"https:\/\/omconcerts.be\/nl\/wp-json\/wp\/v2\/concert\/599","targetHints":{"allow":["GET"]}}],"collection":[{"href":"https:\/\/omconcerts.be\/nl\/wp-json\/wp\/v2\/concert"}],"about":[{"href":"https:\/\/omconcerts.be\/nl\/wp-json\/wp\/v2\/types\/concert"}],"wp:attachment":[{"href":"https:\/\/omconcerts.be\/nl\/wp-json\/wp\/v2\/media?parent=599"}],"wp:term":[{"taxonomy":"category","embeddable":true,"href":"https:\/\/omconcerts.be\/nl\/wp-json\/wp\/v2\/categories?post=599"},{"taxonomy":"post_tag","embeddable":true,"href":"https:\/\/omconcerts.be\/nl\/wp-json\/wp\/v2\/tags?post=599"}],"curies":[{"name":"wp","href":"https:\/\/api.w.org\/{rel}","templated":true}]}}

Johan Dupont et David Sikivie vous attendent pour le grand retour de leur Piano Bar à la maison !
JOHAN DUPONT ET DAVID SIKIVIE
Johan Dupont et David Sikivie présentent le Piano Bar du Reflektor.
Laissez aller votre imagination et mettez le pianiste (Johan) et le chanteur (David) au défi de vous interpréter les mélodies de votre choix : des morceaux classiques, contemporains, musiques de films, jingles,… ou bien, laissez-vous aller à pousser vous-même la chansonette accompagné au piano !
Un moment musical unique pour une soirée hors du commun.
Entrée 3 € aux portes.
