{"id":953,"date":"2023-08-07T10:16:44","date_gmt":"2023-08-07T08:16:44","guid":{"rendered":"https:\/\/omconcerts.be\/concert\/lorenzo-2\/"},"modified":"2023-10-26T14:38:05","modified_gmt":"2023-10-26T12:38:05","slug":"lorenzo-2","status":"publish","type":"concert","link":"https:\/\/omconcerts.be\/nl\/concert\/lorenzo-2\/","title":{"rendered":"LORENZO *2\u00e8me date*"},"excerpt":{"rendered":"","protected":false},"template":"","meta":{"_acf_changed":false,"_crsspst_to_reflektorbe":true},"categories":[5],"tags":[10],"class_list":["post-953","concert","type-concert","status-publish","hentry","category-om","tag-rap"],"acf":{"image_apercu":"927","image_a_la_une":"927","date":"20231026","date_month":"octobre","url_du_ticket":"https:\/\/shop.paylogic.com\/9c628c37520f4f0d8c2b28a8827546e1","ticket_2":"","etat_des_tickets":"tickets","prix":"31\u20ac","heure_ouvertures_de_portes":"19:00:00","heure_de_fin":"","contenu_concert":"","artiste":[{"nom":"LORENZO","horaire":"20:00:00","contenu":"Na 2 gecertificeerde albums is Lorenzo, de eeuwige onclassificeerbare van de rap, terug om een laatste truc uit te halen, en niet de minste, want deze keer heeft hij besloten een wereldrecord te breken. Met 100 verschillende edities van \u00e9\u00e9n album en de kaap van 10.000 verkochte exemplaren in slechts 2 uur heeft hij opnieuw bewezen dat hij de regels bepaalt.\r\nMet dit album legt de rapper uit Rennes de laatste steen van zijn 'LivingLegend': Heuss L'enfoir\u00e9, Jean Dujardin, Vladimir Cauchemar, BBNO$, de mysterieuze TonyCorrida, Le PotoRico... Lorenzo heeft zich goed omringd om nog een laatste keer zijn stempel op de rapgame te drukken, met een verve zo scherp als altijd en producties zo effectief als altijd. Na een volledige tour in de winter van 2023, zal Lorenzo de wegen van Frankrijk inslaan voor zijn laatste festivaltour in de zomer van 2023 en de laatste datum van zijn carri\u00e8re in de Parijse Z\u00e9nith in november 2023.\r\n\r\n[embed]https:\/\/www.youtube.com\/watch?v=NG2IUO6bibE[\/embed]","photo":"","instagram":"https:\/\/www.instagram.com\/el_larrygarcia\/?hl=en","facebook":"","tiktok":"","youtube":"https:\/\/www.youtube.com\/channel\/UCrQjCrWOS63rBxO15TA5CfQ","spotify":"","deezer":"","site_web":""},{"nom":"","horaire":"","contenu":"","photo":"","instagram":"","facebook":"","tiktok":"","youtube":"","spotify":"","deezer":"","site_web":""}],"lien_ticket_wait":""},"yoast_head":"<!-- This site is optimized with the Yoast SEO plugin v27.5 - https:\/\/yoast.com\/product\/yoast-seo-wordpress\/ -->\n<title>LORENZO *2\u00e8me date* &#8226; OM concerts<\/title>\n<meta name=\"robots\" content=\"index, follow, max-snippet:-1, max-image-preview:large, max-video-preview:-1\" \/>\n<link rel=\"canonical\" href=\"https:\/\/omconcerts.be\/concert\/lorenzo-2\/\" \/>\n<meta property=\"og:locale\" content=\"nl_NL\" \/>\n<meta property=\"og:type\" content=\"article\" \/>\n<meta property=\"og:title\" content=\"[:fr]LORENZO + LE POTO RICO + MARTIN VACHIERY *2\u00e8me date*[:nl]LORENZO *2\u00e8me date*[:en]LORENZO *2\u00e8me date*[:] &#8226; OM concerts\" \/>\n<meta property=\"og:url\" content=\"https:\/\/omconcerts.be\/concert\/lorenzo-2\/\" \/>\n<meta property=\"og:site_name\" content=\"OM concerts\" \/>\n<meta property=\"article:publisher\" content=\"https:\/\/www.facebook.com\/omconcerts.be\/\" \/>\n<meta property=\"article:modified_time\" content=\"2023-10-26T12:38:05+00:00\" \/>\n<meta property=\"og:image\" content=\"https:\/\/omconcerts.be\/wp-content\/uploads\/2023\/03\/partageOM.jpg\" \/>\n\t<meta property=\"og:image:width\" content=\"1200\" \/>\n\t<meta property=\"og:image:height\" content=\"630\" \/>\n\t<meta property=\"og:image:type\" content=\"image\/jpeg\" \/>\n<meta name=\"twitter:card\" content=\"summary_large_image\" \/>\n<!-- \/ Yoast SEO plugin. -->","yoast_head_json":{"title":"[:fr]LORENZO + LE POTO RICO + MARTIN VACHIERY *2\u00e8me date*[:nl]LORENZO *2\u00e8me date*[:en]LORENZO *2\u00e8me date*[:] &#8226; OM concerts","robots":{"index":"index","follow":"follow","max-snippet":"max-snippet:-1","max-image-preview":"max-image-preview:large","max-video-preview":"max-video-preview:-1"},"canonical":"https:\/\/omconcerts.be\/concert\/lorenzo-2\/","og_locale":"nl_NL","og_type":"article","og_title":"[:fr]LORENZO + LE POTO RICO + MARTIN VACHIERY *2\u00e8me date*[:nl]LORENZO *2\u00e8me date*[:en]LORENZO *2\u00e8me date*[:] &#8226; OM concerts","og_url":"https:\/\/omconcerts.be\/concert\/lorenzo-2\/","og_site_name":"OM concerts","article_publisher":"https:\/\/www.facebook.com\/omconcerts.be\/","article_modified_time":"2023-10-26T12:38:05+00:00","og_image":[{"width":1200,"height":630,"url":"https:\/\/omconcerts.be\/wp-content\/uploads\/2023\/03\/partageOM.jpg","type":"image\/jpeg"}],"twitter_card":"summary_large_image","schema":{"@context":"https:\/\/schema.org","@graph":[{"@type":"WebPage","@id":"https:\/\/omconcerts.be\/concert\/lorenzo-2\/","url":"https:\/\/omconcerts.be\/concert\/lorenzo-2\/","name":"[:fr]LORENZO + LE POTO RICO + MARTIN VACHIERY *2\u00e8me date*[:nl]LORENZO *2\u00e8me date*[:en]LORENZO *2\u00e8me date*[:] &#8226; OM concerts","isPartOf":{"@id":"https:\/\/omconcerts.be\/#website"},"datePublished":"2023-08-07T08:16:44+00:00","dateModified":"2023-10-26T12:38:05+00:00","breadcrumb":{"@id":"https:\/\/omconcerts.be\/concert\/lorenzo-2\/#breadcrumb"},"inLanguage":"nl-NL","potentialAction":[{"@type":"ReadAction","target":["https:\/\/omconcerts.be\/concert\/lorenzo-2\/"]}]},{"@type":"BreadcrumbList","@id":"https:\/\/omconcerts.be\/concert\/lorenzo-2\/#breadcrumb","itemListElement":[{"@type":"ListItem","position":1,"name":"Accueil","item":"https:\/\/omconcerts.be\/"},{"@type":"ListItem","position":2,"name":"Concerts","item":"https:\/\/omconcerts.be\/agenda\/"},{"@type":"ListItem","position":3,"name":"LORENZO + LE POTO RICO + MARTIN VACHIERY *2\u00e8me date*"}]},{"@type":"WebSite","@id":"https:\/\/omconcerts.be\/#website","url":"https:\/\/omconcerts.be\/","name":"OM concerts","description":"","publisher":{"@id":"https:\/\/omconcerts.be\/#organization"},"alternateName":"OM","potentialAction":[{"@type":"SearchAction","target":{"@type":"EntryPoint","urlTemplate":"https:\/\/omconcerts.be\/?s={search_term_string}"},"query-input":{"@type":"PropertyValueSpecification","valueRequired":true,"valueName":"search_term_string"}}],"inLanguage":"nl-NL"},{"@type":"Organization","@id":"https:\/\/omconcerts.be\/#organization","name":"OM concerts","alternateName":"OM","url":"https:\/\/omconcerts.be\/","logo":{"@type":"ImageObject","inLanguage":"nl-NL","@id":"https:\/\/omconcerts.be\/#\/schema\/logo\/image\/","url":"https:\/\/omconcerts.be\/wp-content\/uploads\/2023\/02\/cropped-OM_LOGO.png","contentUrl":"https:\/\/omconcerts.be\/wp-content\/uploads\/2023\/02\/cropped-OM_LOGO.png","width":512,"height":512,"caption":"OM concerts"},"image":{"@id":"https:\/\/omconcerts.be\/#\/schema\/logo\/image\/"},"sameAs":["https:\/\/www.facebook.com\/omconcerts.be\/"]}]}},"_links":{"self":[{"href":"https:\/\/omconcerts.be\/nl\/wp-json\/wp\/v2\/concert\/953","targetHints":{"allow":["GET"]}}],"collection":[{"href":"https:\/\/omconcerts.be\/nl\/wp-json\/wp\/v2\/concert"}],"about":[{"href":"https:\/\/omconcerts.be\/nl\/wp-json\/wp\/v2\/types\/concert"}],"wp:attachment":[{"href":"https:\/\/omconcerts.be\/nl\/wp-json\/wp\/v2\/media?parent=953"}],"wp:term":[{"taxonomy":"category","embeddable":true,"href":"https:\/\/omconcerts.be\/nl\/wp-json\/wp\/v2\/categories?post=953"},{"taxonomy":"post_tag","embeddable":true,"href":"https:\/\/omconcerts.be\/nl\/wp-json\/wp\/v2\/tags?post=953"}],"curies":[{"name":"wp","href":"https:\/\/api.w.org\/{rel}","templated":true}]}}

LORENZO *2ème date*

Na 2 gecertificeerde albums is Lorenzo, de eeuwige onclassificeerbare van de rap, terug om een laatste truc uit te halen, en niet de minste, want deze keer heeft hij besloten een wereldrecord te breken. Met 100 verschillende edities van één album en de kaap van 10.000 verkochte exemplaren in slechts 2 uur heeft hij opnieuw bewezen dat hij de regels bepaalt.
Met dit album legt de rapper uit Rennes de laatste steen van zijn 'LivingLegend': Heuss L'enfoiré, Jean Dujardin, Vladimir Cauchemar, BBNO$, de mysterieuze TonyCorrida, Le PotoRico... Lorenzo heeft zich goed omringd om nog een laatste keer zijn stempel op de rapgame te drukken, met een verve zo scherp als altijd en producties zo effectief als altijd. Na een volledige tour in de winter van 2023, zal Lorenzo de wegen van Frankrijk inslaan voor zijn laatste festivaltour in de zomer van 2023 en de laatste datum van zijn carrière in de Parijse Zénith in november 2023.

[embed]https://www.youtube.com/watch?v=NG2IUO6bibE[/embed]

<!-- This site is optimized with the Yoast SEO plugin v27.5 - https://yoast.com/product/yoast-seo-wordpress/ -->
<title>LORENZO *2ème date* &#8226; OM concerts</title>
<meta name="robots" content="index, follow, max-snippet:-1, max-image-preview:large, max-video-preview:-1" />
<link rel="canonical" href="https://omconcerts.be/concert/lorenzo-2/" />
<meta property="og:locale" content="nl_NL" />
<meta property="og:type" content="article" />
<meta property="og:title" content="[:fr]LORENZO + LE POTO RICO + MARTIN VACHIERY *2ème date*[:nl]LORENZO *2ème date*[:en]LORENZO *2ème date*[:] &#8226; OM concerts" />
<meta property="og:url" content="https://omconcerts.be/concert/lorenzo-2/" />
<meta property="og:site_name" content="OM concerts" />
<meta property="article:publisher" content="https://www.facebook.com/omconcerts.be/" />
<meta property="article:modified_time" content="2023-10-26T12:38:05+00:00" />
<meta property="og:image" content="https://omconcerts.be/wp-content/uploads/2023/03/partageOM.jpg" />
	<meta property="og:image:width" content="1200" />
	<meta property="og:image:height" content="630" />
	<meta property="og:image:type" content="image/jpeg" />
<meta name="twitter:card" content="summary_large_image" />
<!-- / Yoast SEO plugin. -->

[:fr]LORENZO + LE POTO RICO + MARTIN VACHIERY *2ème date*[:nl]LORENZO *2ème date*[:en]LORENZO *2ème date*[:] &#8226; OM concerts

LORENZO + LE POTO RICO + MARTIN VACHIERY *2ème date*
